{"id":134,"date":"2021-05-24T14:33:30","date_gmt":"2021-05-24T12:33:30","guid":{"rendered":"http:\/\/ljubljanapride.org\/2021\/?post_type=tribe_events&#038;p=134"},"modified":"2021-06-01T13:50:52","modified_gmt":"2021-06-01T11:50:52","slug":"predstavitev-vkljucujemo","status":"publish","type":"tribe_events","link":"http:\/\/ljubljanapride.org\/2021\/event\/predstavitev-vkljucujemo\/","title":{"rendered":"Predstavitev: Vklju\u010dujemo"},"content":{"rendered":"<div id=\"dslc-theme-content\"><div id=\"dslc-theme-content-inner\"><p><span style=\"font-weight: 400;\"><strong>Organizira:<\/strong> Dru\u0161tvo Parada ponosa<\/span><\/p>\n<p><span style=\"font-weight: 400;\"><strong>Jezik:<\/strong> sloven\u0161\u010dina<\/span><\/p>\n<p>&nbsp;<\/p>\n<p><span style=\"font-weight: 400;\">Dogodek Vklju\u010dujemo bo sestavljen iz uradne ustanovitve Mre\u017ee vklju\u010dujo\u010dih organizacij in predstavitve priro\u010dnika Vklju\u010dujo\u010de organizacije \u2013 Priro\u010dnik za organizacijski razvoj.<\/span><\/p>\n<p><span style=\"font-weight: 400;\">Z namenom opolnomo\u010denja in opremljanja (mladinskih) organizacij za bolj vklju\u010dujo\u010de in kvalitetno delo z mladimi smo se v Dru\u0161tvu Parada ponosa odlo\u010dile_i povezati ve\u010dje \u0161tevilo mladinskih ter sorodnih organizacij, ki v Mestni ob\u010dini Ljubljana delujejo na podro\u010dju vklju\u010devanja mladih iz marginaliziranih skupin, v Mre\u017eo vklju\u010dujo\u010dih organizacij. S tem se \u017eelimo organizacije opolnomo\u010diti in medsebojno podpreti pri delovanju na podro\u010dju vklju\u010devanja in nediskriminacije.\u00a0<\/span><\/p>\n<p><span style=\"font-weight: 400;\">Poleg tega pa \u017eelimo na dogodku obele\u017eiti prav posebno prilo\u017enost: izdajo priro\u010dnika Vklju\u010dujo\u010de organizacije, ki je sedaj dostopen tudi v slovenskem jeziku.<\/span><\/p>\n<p>&nbsp;<\/p>\n<p>Organizatorji se bomo dr\u017eali trenutno veljavnih ukrepov za zajezitev epidemije. Skladno s tem bomo upo\u0161tevali PCT (preboleli, cepljeni, testirani) pravila. Vse obiskovalke_ce vljudno napro\u0161amo, da upo\u0161tevate veljavne predpise in nam pomagate narediti dogodek mavri\u010den in varen.<\/p>\n<\/div><\/div>","protected":false},"excerpt":{"rendered":"<p>Organizira: Dru\u0161tvo Parada ponosa Jezik: sloven\u0161\u010dina &nbsp; Dogodek Vklju\u010dujemo bo sestavljen iz uradne ustanovitve Mre\u017ee vklju\u010dujo\u010dih organizacij in predstavitve priro\u010dnika Vklju\u010dujo\u010de organizacije \u2013 Priro\u010dnik za organizacijski razvoj. Z namenom opolnomo\u010denja in opremljanja (mladinskih) organizacij za bolj vklju\u010dujo\u010de in kvalitetno delo z mladimi smo se v Dru\u0161tvu Parada ponosa odlo\u010dile_i povezati ve\u010dje \u0161tevilo mladinskih ter sorodnih organizacij, ki v Mestni ob\u010dini Ljubljana delujejo na podro\u010dju vklju\u010devanja mladih iz marginaliziranih skupin, v Mre\u017eo vklju\u010dujo\u010dih organizacij. S tem se \u017eelimo organizacije opolnomo\u010diti in medsebojno podpreti pri delovanju na podro\u010dju vklju\u010devanja in nediskriminacije.\u00a0 Poleg tega pa \u017eelimo na dogodku obele\u017eiti prav posebno prilo\u017enost: izdajo[&#8230;]<\/p>\n","protected":false},"author":1,"featured_media":0,"template":"","meta":{"_tribe_events_status":"","_tribe_events_status_reason":"","footnotes":""},"tags":[],"tribe_events_cat":[],"class_list":["post-134","tribe_events","type-tribe_events","status-publish","hentry"],"_links":{"self":[{"href":"http:\/\/ljubljanapride.org\/2021\/wp-json\/wp\/v2\/tribe_events\/134","targetHints":{"allow":["GET"]}}],"collection":[{"href":"http:\/\/ljubljanapride.org\/2021\/wp-json\/wp\/v2\/tribe_events"}],"about":[{"href":"http:\/\/ljubljanapride.org\/2021\/wp-json\/wp\/v2\/types\/tribe_events"}],"author":[{"embeddable":true,"href":"http:\/\/ljubljanapride.org\/2021\/wp-json\/wp\/v2\/users\/1"}],"version-history":[{"count":4,"href":"http:\/\/ljubljanapride.org\/2021\/wp-json\/wp\/v2\/tribe_events\/134\/revisions"}],"predecessor-version":[{"id":355,"href":"http:\/\/ljubljanapride.org\/2021\/wp-json\/wp\/v2\/tribe_events\/134\/revisions\/355"}],"wp:attachment":[{"href":"http:\/\/ljubljanapride.org\/2021\/wp-json\/wp\/v2\/media?parent=134"}],"wp:term":[{"taxonomy":"post_tag","embeddable":true,"href":"http:\/\/ljubljanapride.org\/2021\/wp-json\/wp\/v2\/tags?post=134"},{"taxonomy":"tribe_events_cat","embeddable":true,"href":"http:\/\/ljubljanapride.org\/2021\/wp-json\/wp\/v2\/tribe_events_cat?post=134"}],"curies":[{"name":"wp","href":"https:\/\/api.w.org\/{rel}","templated":true}]}}

Predstavitev: Vključujemo

<div id="dslc-theme-content"><div id="dslc-theme-content-inner"><p><span style="font-weight: 400;"><strong>Organizira:</strong> Društvo Parada ponosa</span></p>
<p><span style="font-weight: 400;"><strong>Jezik:</strong> slovenščina</span></p>
<p>&nbsp;</p>
<p><span style="font-weight: 400;">Dogodek Vključujemo bo sestavljen iz uradne ustanovitve Mreže vključujočih organizacij in predstavitve priročnika Vključujoče organizacije – Priročnik za organizacijski razvoj.</span></p>
<p><span style="font-weight: 400;">Z namenom opolnomočenja in opremljanja (mladinskih) organizacij za bolj vključujoče in kvalitetno delo z mladimi smo se v Društvu Parada ponosa odločile_i povezati večje število mladinskih ter sorodnih organizacij, ki v Mestni občini Ljubljana delujejo na področju vključevanja mladih iz marginaliziranih skupin, v Mrežo vključujočih organizacij. S tem se želimo organizacije opolnomočiti in medsebojno podpreti pri delovanju na področju vključevanja in nediskriminacije. </span></p>
<p><span style="font-weight: 400;">Poleg tega pa želimo na dogodku obeležiti prav posebno priložnost: izdajo priročnika Vključujoče organizacije, ki je sedaj dostopen tudi v slovenskem jeziku.</span></p>
<p>&nbsp;</p>
<p>Organizatorji se bomo držali trenutno veljavnih ukrepov za zajezitev epidemije. Skladno s tem bomo upoštevali PCT (preboleli, cepljeni, testirani) pravila. Vse obiskovalke_ce vljudno naprošamo, da upoštevate veljavne predpise in nam pomagate narediti dogodek mavričen in varen.</p>
</div></div>

<p>Organizira: Društvo Parada ponosa Jezik: slovenščina &nbsp; Dogodek Vključujemo bo sestavljen iz uradne ustanovitve Mreže vključujočih organizacij in predstavitve priročnika Vključujoče organizacije – Priročnik za organizacijski razvoj. Z namenom opolnomočenja in opremljanja (mladinskih) organizacij za bolj vključujoče in kvalitetno delo z mladimi smo se v Društvu Parada ponosa odločile_i povezati večje število mladinskih ter sorodnih organizacij, ki v Mestni občini Ljubljana delujejo na področju vključevanja mladih iz marginaliziranih skupin, v Mrežo vključujočih organizacij. S tem se želimo organizacije opolnomočiti in medsebojno podpreti pri delovanju na področju vključevanja in nediskriminacije.  Poleg tega pa želimo na dogodku obeležiti prav posebno priložnost: izdajo[&#8230;]</p>
