{"id":162,"date":"2021-05-24T14:57:41","date_gmt":"2021-05-24T12:57:41","guid":{"rendered":"http:\/\/ljubljanapride.org\/2021\/?post_type=tribe_events&#038;p=162"},"modified":"2021-06-11T11:18:31","modified_gmt":"2021-06-11T09:18:31","slug":"javna-razprava-uprimo-se-zatiranju-vloga-evropske-unije-in-mednarodnega-pritiska-pri-ohranjanju-in-zagotavljanju-pravic-lgbtiq-oseb","status":"publish","type":"tribe_events","link":"http:\/\/ljubljanapride.org\/2021\/event\/javna-razprava-uprimo-se-zatiranju-vloga-evropske-unije-in-mednarodnega-pritiska-pri-ohranjanju-in-zagotavljanju-pravic-lgbtiq-oseb\/","title":{"rendered":"Javna razprava: Uprimo se zatiranju \u2013 vloga Evropske unije in mednarodnega pritiska pri ohranjanju in zagotavljanju pravic LGBTIQ+ oseb"},"content":{"rendered":"<div id=\"dslc-theme-content\"><div id=\"dslc-theme-content-inner\"><p><span style=\"font-weight: 400;\"><strong>Organizira:<\/strong> Dru\u0161tvo Parada ponosa<\/span><\/p>\n<p><span style=\"font-weight: 400;\"><strong>Jezik:<\/strong> sloven\u0161\u010dina in angle\u0161\u010dina<\/span><\/p>\n<p>V Sloveniji smo zadnje leto pri\u010da rapidni rasti in intenzivnej\u0161i prisotnosti sovra\u017enega diskurza v odnosu trenutne oblasti do zagotavljanja in ohranjanja \u017ee pridobljenih \u010dlovekovih pravic LGBTIQ+ oseb. Obenem pa smo v istem obdobju bili pri\u010da nekaj izrazito pomembnim korakom in iniciativam, ki so se zgodile v okviru evropskih institucij. Novembra 2020 je Evropska komisija lansirala prvo Strategijo EU za enakost LGBTIQ oseb; v prvi polovici 2021 pa je Evropski parlament sprejel Resolucijo o razglasitvi EU kot svobodnega obmo\u010dja za osebe LGBTIQ.<\/p>\n<p>V lu\u010di dihotomije pozitivnih korakov in vedno ve\u010djega delovanja EU na ravni zagotavljanja \u010dlovekovih pravic LGBTIQ+ oseb, ter izrazito sovra\u017ene nastrojenosti trenutne slovenske oblasti, ki bo 1. julija 2021 prevzela predsedovanje Svetu EU, bomo spregovorili o dinamikah in posledicah, ki nas \u010dakajo v naslednjih mesecih in letih kot LGBTIQ+ skupnost.<\/p>\n<p>Skupaj z gostjami_i bomo razmi\u0161ljale_i o strategijah in na\u010dinih, kako nam lahko tudi v Sloveniji delovanje evropskih institucij in mednarodnega pritiska pomaga pri ohranjanju \u017ee pridobljenih in pri zagotavljanju \u0161e neizborjenih \u010dlovekovih pravic LGBTIQ+ oseb.<\/p>\n<p>Govorke_ci:<\/p>\n<ul>\n<li>Nata\u0161a \u0160ip, Predstavni\u0161tvo Evropske komisije v Sloveniji<\/li>\n<li>Dr. Milan Brglez, evropski poslanec<\/li>\n<li>Lana Gobec, predsednica dru\u0161tva Legebitra<\/li>\n<li>Katja \u0160tefanec, \u010dlanica Upravnega odbora Dru\u0161tva Parada ponosa ter vodja mladinske sekcije<\/li>\n<\/ul>\n<p>&nbsp;<\/p>\n<p>Moderacija:<\/p>\n<ul>\n<li>Simona Mur\u0161ec, predsednica Dru\u0161tva Parada ponosa<\/li>\n<\/ul>\n<p>Program javne razprave:<\/p>\n<p style=\"padding-left: 40px;\">17:00 Pozdrav in uvod v dogodek<\/p>\n<p style=\"padding-left: 40px;\">17:10 Predstavitev politi\u010dnega sporo\u010dila Festivala Parada ponosa 2021 ter konteksta njegovega nastanka<\/p>\n<p style=\"padding-left: 40px;\">17:20 Pregled napredka oz. korakov, ki so se v zadnjih mesecih odvili na ravni Evropske Unije<\/p>\n<p style=\"padding-left: 40px;\">17:45 Kako bi lahko civilna dru\u017eba ter drugi zainteresirani akterji, tudi v politi\u010dnem kontekstu, kot ga imamo trenutno v Sloveniji, \u010dim bolj izkoristili napredke oz. korake na EU ravni?<\/p>\n<p style=\"padding-left: 40px;\">18:00 Dialog s publiko<\/p>\n<p style=\"padding-left: 40px;\">18:35 Zadnje refleksije in sporo\u010dila iz publike<\/p>\n<p style=\"padding-left: 40px;\">18:45 Zaklju\u010dek dogodka<\/p>\n<p>Organizatorji se bomo dr\u017eali trenutno veljavnih ukrepov za zajezitev epidemije. Vse obiskovalke_ce vljudno napro\u0161amo, da upo\u0161tevate veljavne predpise in nam pomagate narediti dogodek mavri\u010den in varen.<\/p>\n<\/div><\/div>","protected":false},"excerpt":{"rendered":"<p>Organizira: Dru\u0161tvo Parada ponosa Jezik: sloven\u0161\u010dina in angle\u0161\u010dina V Sloveniji smo zadnje leto pri\u010da rapidni rasti in intenzivnej\u0161i prisotnosti sovra\u017enega diskurza v odnosu trenutne oblasti do zagotavljanja in ohranjanja \u017ee pridobljenih \u010dlovekovih pravic LGBTIQ+ oseb. Obenem pa smo v istem obdobju bili pri\u010da nekaj izrazito pomembnim korakom in iniciativam, ki so se zgodile v okviru evropskih institucij. Novembra 2020 je Evropska komisija lansirala prvo Strategijo EU za enakost LGBTIQ oseb; v prvi polovici 2021 pa je Evropski parlament sprejel Resolucijo o razglasitvi EU kot svobodnega obmo\u010dja za osebe LGBTIQ. V lu\u010di dihotomije pozitivnih korakov in vedno ve\u010djega delovanja EU na[&#8230;]<\/p>\n","protected":false},"author":1,"featured_media":378,"template":"","meta":{"_tribe_events_status":"","_tribe_events_status_reason":"","footnotes":""},"tags":[],"tribe_events_cat":[],"class_list":["post-162","tribe_events","type-tribe_events","status-publish","has-post-thumbnail","hentry"],"_links":{"self":[{"href":"http:\/\/ljubljanapride.org\/2021\/wp-json\/wp\/v2\/tribe_events\/162","targetHints":{"allow":["GET"]}}],"collection":[{"href":"http:\/\/ljubljanapride.org\/2021\/wp-json\/wp\/v2\/tribe_events"}],"about":[{"href":"http:\/\/ljubljanapride.org\/2021\/wp-json\/wp\/v2\/types\/tribe_events"}],"author":[{"embeddable":true,"href":"http:\/\/ljubljanapride.org\/2021\/wp-json\/wp\/v2\/users\/1"}],"version-history":[{"count":6,"href":"http:\/\/ljubljanapride.org\/2021\/wp-json\/wp\/v2\/tribe_events\/162\/revisions"}],"predecessor-version":[{"id":389,"href":"http:\/\/ljubljanapride.org\/2021\/wp-json\/wp\/v2\/tribe_events\/162\/revisions\/389"}],"wp:featuredmedia":[{"embeddable":true,"href":"http:\/\/ljubljanapride.org\/2021\/wp-json\/wp\/v2\/media\/378"}],"wp:attachment":[{"href":"http:\/\/ljubljanapride.org\/2021\/wp-json\/wp\/v2\/media?parent=162"}],"wp:term":[{"taxonomy":"post_tag","embeddable":true,"href":"http:\/\/ljubljanapride.org\/2021\/wp-json\/wp\/v2\/tags?post=162"},{"taxonomy":"tribe_events_cat","embeddable":true,"href":"http:\/\/ljubljanapride.org\/2021\/wp-json\/wp\/v2\/tribe_events_cat?post=162"}],"curies":[{"name":"wp","href":"https:\/\/api.w.org\/{rel}","templated":true}]}}

<div id="dslc-theme-content"><div id="dslc-theme-content-inner"><p><span style="font-weight: 400;"><strong>Organizira:</strong> Društvo Parada ponosa</span></p>
<p><span style="font-weight: 400;"><strong>Jezik:</strong> slovenščina in angleščina</span></p>
<p>V Sloveniji smo zadnje leto priča rapidni rasti in intenzivnejši prisotnosti sovražnega diskurza v odnosu trenutne oblasti do zagotavljanja in ohranjanja že pridobljenih človekovih pravic LGBTIQ+ oseb. Obenem pa smo v istem obdobju bili priča nekaj izrazito pomembnim korakom in iniciativam, ki so se zgodile v okviru evropskih institucij. Novembra 2020 je Evropska komisija lansirala prvo Strategijo EU za enakost LGBTIQ oseb; v prvi polovici 2021 pa je Evropski parlament sprejel Resolucijo o razglasitvi EU kot svobodnega območja za osebe LGBTIQ.</p>
<p>V luči dihotomije pozitivnih korakov in vedno večjega delovanja EU na ravni zagotavljanja človekovih pravic LGBTIQ+ oseb, ter izrazito sovražne nastrojenosti trenutne slovenske oblasti, ki bo 1. julija 2021 prevzela predsedovanje Svetu EU, bomo spregovorili o dinamikah in posledicah, ki nas čakajo v naslednjih mesecih in letih kot LGBTIQ+ skupnost.</p>
<p>Skupaj z gostjami_i bomo razmišljale_i o strategijah in načinih, kako nam lahko tudi v Sloveniji delovanje evropskih institucij in mednarodnega pritiska pomaga pri ohranjanju že pridobljenih in pri zagotavljanju še neizborjenih človekovih pravic LGBTIQ+ oseb.</p>
<p>Govorke_ci:</p>
<ul>
<li>Nataša Šip, Predstavništvo Evropske komisije v Sloveniji</li>
<li>Dr. Milan Brglez, evropski poslanec</li>
<li>Lana Gobec, predsednica društva Legebitra</li>
<li>Katja Štefanec, članica Upravnega odbora Društva Parada ponosa ter vodja mladinske sekcije</li>
</ul>
<p>&nbsp;</p>
<p>Moderacija:</p>
<ul>
<li>Simona Muršec, predsednica Društva Parada ponosa</li>
</ul>
<p>Program javne razprave:</p>
<p style="padding-left: 40px;">17:00 Pozdrav in uvod v dogodek</p>
<p style="padding-left: 40px;">17:10 Predstavitev političnega sporočila Festivala Parada ponosa 2021 ter konteksta njegovega nastanka</p>
<p style="padding-left: 40px;">17:20 Pregled napredka oz. korakov, ki so se v zadnjih mesecih odvili na ravni Evropske Unije</p>
<p style="padding-left: 40px;">17:45 Kako bi lahko civilna družba ter drugi zainteresirani akterji, tudi v političnem kontekstu, kot ga imamo trenutno v Sloveniji, čim bolj izkoristili napredke oz. korake na EU ravni?</p>
<p style="padding-left: 40px;">18:00 Dialog s publiko</p>
<p style="padding-left: 40px;">18:35 Zadnje refleksije in sporočila iz publike</p>
<p style="padding-left: 40px;">18:45 Zaključek dogodka</p>
<p>Organizatorji se bomo držali trenutno veljavnih ukrepov za zajezitev epidemije. Vse obiskovalke_ce vljudno naprošamo, da upoštevate veljavne predpise in nam pomagate narediti dogodek mavričen in varen.</p>
</div></div>

<p>Organizira: Društvo Parada ponosa Jezik: slovenščina in angleščina V Sloveniji smo zadnje leto priča rapidni rasti in intenzivnejši prisotnosti sovražnega diskurza v odnosu trenutne oblasti do zagotavljanja in ohranjanja že pridobljenih človekovih pravic LGBTIQ+ oseb. Obenem pa smo v istem obdobju bili priča nekaj izrazito pomembnim korakom in iniciativam, ki so se zgodile v okviru evropskih institucij. Novembra 2020 je Evropska komisija lansirala prvo Strategijo EU za enakost LGBTIQ oseb; v prvi polovici 2021 pa je Evropski parlament sprejel Resolucijo o razglasitvi EU kot svobodnega območja za osebe LGBTIQ. V luči dihotomije pozitivnih korakov in vedno večjega delovanja EU na[&#8230;]</p>
