{"id":174,"date":"2021-05-25T10:29:57","date_gmt":"2021-05-25T08:29:57","guid":{"rendered":"http:\/\/ljubljanapride.org\/2021\/?post_type=tribe_events&#038;p=174"},"modified":"2021-06-08T15:28:33","modified_gmt":"2021-06-08T13:28:33","slug":"konferenca-vkljucujoce-prostovoljstvo","status":"publish","type":"tribe_events","link":"http:\/\/ljubljanapride.org\/2021\/event\/konferenca-vkljucujoce-prostovoljstvo\/","title":{"rendered":"Konferenca: Vklju\u010dujo\u010de prostovoljstvo"},"content":{"rendered":"<div id=\"dslc-theme-content\"><div id=\"dslc-theme-content-inner\"><p><span style=\"font-weight: 400;\"><strong>Organizira:<\/strong> Dru\u0161tvo Parada ponosa\u00a0<\/span><\/p>\n<p><span style=\"font-weight: 400;\"><strong>Jezik:<\/strong> angle\u0161\u010dina<\/span><\/p>\n<p>&nbsp;<\/p>\n<p dir=\"ltr\">Konferenca si prizadeva odgovoriti na vpra\u0161anje &#8220;Kaj je vklju\u010dujo\u010de prostovoljstvo in kako ga lahko izvajamo v (mladinskih) organizacijah?&#8221; in je sestavljena iz treh delov. Prvi del se osredoto\u010da na koncept vklju\u010dujo\u010dega prostovoljstva in predstavitev publikacije &#8220;Vklju\u010devanje in podpiranje LGBTIQ+ mladih v projektih prostovoljstva Evropske solidarnostne enote: smernice za organizacije&#8221;. Drugi del, ki bo potekal v obliki okrogle mize raziskuje specifike in izzive vklju\u010dujo\u010dega prostovoljstva s katerimi se organizacije soo\u010dajo v praksi.. V zadnjem delu bodo razli\u010dne organizacije predstavile primere dobrih praks vklju\u010dujo\u010dega prostovoljstva.<\/p>\n<p>&nbsp;<\/p>\n<p dir=\"ltr\">LINK ZA PRIJAVO: <strong><span style=\"color: #d40275;\"><a style=\"color: #d40275;\" href=\"https:\/\/forms.gle\/ZURSsb7KMpDPEzFx5\" target=\"_blank\" rel=\"noopener\" data-saferedirecturl=\"https:\/\/www.google.com\/url?q=https:\/\/forms.gle\/ZURSsb7KMpDPEzFx5&amp;source=gmail&amp;ust=1622796668945000&amp;usg=AFQjCNH9YHTUXjEMPUNpJ-eDOSFyeo_UiA\">https:\/\/forms.gle\/<wbr \/>ZURSsb7KMpDPEzFx5<\/a>\u00a0<\/span><\/strong><\/p>\n<p>&nbsp;<\/p>\n<p dir=\"ltr\">OKVIRNI PROGRAM KONFERENCE:<\/p>\n<p>&nbsp;<\/p>\n<p dir=\"ltr\">14.00\u201314.30: Prihod in registracija<\/p>\n<p dir=\"ltr\">14.30\u201314.50: Uvodni nagovori<\/p>\n<p dir=\"ltr\">14.50\u201315.05: Predstavitev koncepta vklju\u010dujo\u010dega prostovoljstva<\/p>\n<p dir=\"ltr\">15.05\u201315.20: Predstavitev publikacije Vklju\u010devanje in podpiranje LGBTIQ+ mladih v projektih (prostovoljstva) Evropske solidarnostne enote: smernice za organizacije<\/p>\n<p dir=\"ltr\">15.20\u201315.30: Pavza za kavo<\/p>\n<p dir=\"ltr\">15.30\u201316.30: Okrogla miza: Specifike in izzivi vklju\u010dujo\u010dega prostovoljstva<\/p>\n<p dir=\"ltr\">16.30\u201316.45: Pavza za kavo<\/p>\n<p dir=\"ltr\">16.45\u201317.45: Predstavitev dobrih praks vklju\u010dujo\u010dega prostovoljstva<\/p>\n<p dir=\"ltr\">17.45\u201318:00: Zaklju\u010dek<\/p>\n<p dir=\"ltr\">Za dodatna vpra\u0161anja nas lahko kontaktira\u0161 na <span style=\"color: #d40275;\"><a style=\"color: #d40275;\" href=\"mailto:info@ljubljanapride.org\" target=\"_blank\" rel=\"noopener\"><strong>info@ljubljanapride.org<\/strong><\/a><\/span>.<\/p>\n<p>&nbsp;<\/p>\n<p dir=\"ltr\">Organizatorice_ji se bomo dr\u017eale_i trenutno veljavnih ukrepov za zajezitev epidemije. Skladno s tem bomo upo\u0161tevale_i pravilo PCT (preboleli, cepljeni, testirani). Vse obiskovalke_ce vljudno napro\u0161amo, da upo\u0161tevate veljavne predpise in nam pomagate narediti dogodek mavri\u010den in varen.<\/p>\n<p>Dogodek je podprt s strani programa Evropa za dr\u017eavljane.<\/p>\n<p>&nbsp;<\/p>\n<p><img loading=\"lazy\" decoding=\"async\" class=\"alignnone wp-image-177\" src=\"http:\/\/ljubljanapride.org\/2021\/wp-content\/uploads\/2021\/05\/Vkljuc-slo-300x60.png\" alt=\"\" width=\"560\" height=\"112\" srcset=\"http:\/\/ljubljanapride.org\/2021\/wp-content\/uploads\/2021\/05\/Vkljuc-slo-300x60.png 300w, http:\/\/ljubljanapride.org\/2021\/wp-content\/uploads\/2021\/05\/Vkljuc-slo-1024x205.png 1024w, http:\/\/ljubljanapride.org\/2021\/wp-content\/uploads\/2021\/05\/Vkljuc-slo-768x154.png 768w, http:\/\/ljubljanapride.org\/2021\/wp-content\/uploads\/2021\/05\/Vkljuc-slo-1536x307.png 1536w, http:\/\/ljubljanapride.org\/2021\/wp-content\/uploads\/2021\/05\/Vkljuc-slo-2048x409.png 2048w\" sizes=\"auto, (max-width: 560px) 100vw, 560px\" \/><\/p>\n<\/div><\/div>","protected":false},"excerpt":{"rendered":"<p>Organizira: Dru\u0161tvo Parada ponosa\u00a0 Jezik: angle\u0161\u010dina &nbsp; Konferenca si prizadeva odgovoriti na vpra\u0161anje &#8220;Kaj je vklju\u010dujo\u010de prostovoljstvo in kako ga lahko izvajamo v (mladinskih) organizacijah?&#8221; in je sestavljena iz treh delov. Prvi del se osredoto\u010da na koncept vklju\u010dujo\u010dega prostovoljstva in predstavitev publikacije &#8220;Vklju\u010devanje in podpiranje LGBTIQ+ mladih v projektih prostovoljstva Evropske solidarnostne enote: smernice za organizacije&#8221;. Drugi del, ki bo potekal v obliki okrogle mize raziskuje specifike in izzive vklju\u010dujo\u010dega prostovoljstva s katerimi se organizacije soo\u010dajo v praksi.. V zadnjem delu bodo razli\u010dne organizacije predstavile primere dobrih praks vklju\u010dujo\u010dega prostovoljstva. &nbsp; LINK ZA PRIJAVO: https:\/\/forms.gle\/ZURSsb7KMpDPEzFx5\u00a0 &nbsp; OKVIRNI PROGRAM KONFERENCE: &nbsp;[&#8230;]<\/p>\n","protected":false},"author":1,"featured_media":336,"template":"","meta":{"_tribe_events_status":"","_tribe_events_status_reason":"","footnotes":""},"tags":[],"tribe_events_cat":[],"class_list":["post-174","tribe_events","type-tribe_events","status-publish","has-post-thumbnail","hentry"],"_links":{"self":[{"href":"http:\/\/ljubljanapride.org\/2021\/wp-json\/wp\/v2\/tribe_events\/174","targetHints":{"allow":["GET"]}}],"collection":[{"href":"http:\/\/ljubljanapride.org\/2021\/wp-json\/wp\/v2\/tribe_events"}],"about":[{"href":"http:\/\/ljubljanapride.org\/2021\/wp-json\/wp\/v2\/types\/tribe_events"}],"author":[{"embeddable":true,"href":"http:\/\/ljubljanapride.org\/2021\/wp-json\/wp\/v2\/users\/1"}],"version-history":[{"count":5,"href":"http:\/\/ljubljanapride.org\/2021\/wp-json\/wp\/v2\/tribe_events\/174\/revisions"}],"predecessor-version":[{"id":387,"href":"http:\/\/ljubljanapride.org\/2021\/wp-json\/wp\/v2\/tribe_events\/174\/revisions\/387"}],"wp:featuredmedia":[{"embeddable":true,"href":"http:\/\/ljubljanapride.org\/2021\/wp-json\/wp\/v2\/media\/336"}],"wp:attachment":[{"href":"http:\/\/ljubljanapride.org\/2021\/wp-json\/wp\/v2\/media?parent=174"}],"wp:term":[{"taxonomy":"post_tag","embeddable":true,"href":"http:\/\/ljubljanapride.org\/2021\/wp-json\/wp\/v2\/tags?post=174"},{"taxonomy":"tribe_events_cat","embeddable":true,"href":"http:\/\/ljubljanapride.org\/2021\/wp-json\/wp\/v2\/tribe_events_cat?post=174"}],"curies":[{"name":"wp","href":"https:\/\/api.w.org\/{rel}","templated":true}]}}

Konferenca: Vključujoče prostovoljstvo

<div id="dslc-theme-content"><div id="dslc-theme-content-inner"><p><span style="font-weight: 400;"><strong>Organizira:</strong> Društvo Parada ponosa </span></p>
<p><span style="font-weight: 400;"><strong>Jezik:</strong> angleščina</span></p>
<p>&nbsp;</p>
<p dir="ltr">Konferenca si prizadeva odgovoriti na vprašanje &#8220;Kaj je vključujoče prostovoljstvo in kako ga lahko izvajamo v (mladinskih) organizacijah?&#8221; in je sestavljena iz treh delov. Prvi del se osredotoča na koncept vključujočega prostovoljstva in predstavitev publikacije &#8220;Vključevanje in podpiranje LGBTIQ+ mladih v projektih prostovoljstva Evropske solidarnostne enote: smernice za organizacije&#8221;. Drugi del, ki bo potekal v obliki okrogle mize raziskuje specifike in izzive vključujočega prostovoljstva s katerimi se organizacije soočajo v praksi.. V zadnjem delu bodo različne organizacije predstavile primere dobrih praks vključujočega prostovoljstva.</p>
<p>&nbsp;</p>
<p dir="ltr">LINK ZA PRIJAVO: <strong><span style="color: #d40275;"><a style="color: #d40275;" href="https://forms.gle/ZURSsb7KMpDPEzFx5" target="_blank" rel="noopener" data-saferedirecturl="https://www.google.com/url?q=https://forms.gle/ZURSsb7KMpDPEzFx5&amp;source=gmail&amp;ust=1622796668945000&amp;usg=AFQjCNH9YHTUXjEMPUNpJ-eDOSFyeo_UiA">https://forms.gle/<wbr />ZURSsb7KMpDPEzFx5</a> </span></strong></p>
<p>&nbsp;</p>
<p dir="ltr">OKVIRNI PROGRAM KONFERENCE:</p>
<p>&nbsp;</p>
<p dir="ltr">14.00–14.30: Prihod in registracija</p>
<p dir="ltr">14.30–14.50: Uvodni nagovori</p>
<p dir="ltr">14.50–15.05: Predstavitev koncepta vključujočega prostovoljstva</p>
<p dir="ltr">15.05–15.20: Predstavitev publikacije Vključevanje in podpiranje LGBTIQ+ mladih v projektih (prostovoljstva) Evropske solidarnostne enote: smernice za organizacije</p>
<p dir="ltr">15.20–15.30: Pavza za kavo</p>
<p dir="ltr">15.30–16.30: Okrogla miza: Specifike in izzivi vključujočega prostovoljstva</p>
<p dir="ltr">16.30–16.45: Pavza za kavo</p>
<p dir="ltr">16.45–17.45: Predstavitev dobrih praks vključujočega prostovoljstva</p>
<p dir="ltr">17.45–18:00: Zaključek</p>
<p dir="ltr">Za dodatna vprašanja nas lahko kontaktiraš na <span style="color: #d40275;"><a style="color: #d40275;" href="mailto:info@ljubljanapride.org" target="_blank" rel="noopener"><strong>info@ljubljanapride.org</strong></a></span>.</p>
<p>&nbsp;</p>
<p dir="ltr">Organizatorice_ji se bomo držale_i trenutno veljavnih ukrepov za zajezitev epidemije. Skladno s tem bomo upoštevale_i pravilo PCT (preboleli, cepljeni, testirani). Vse obiskovalke_ce vljudno naprošamo, da upoštevate veljavne predpise in nam pomagate narediti dogodek mavričen in varen.</p>
<p>Dogodek je podprt s strani programa Evropa za državljane.</p>
<p>&nbsp;</p>
<p><img loading="lazy" decoding="async" class="alignnone wp-image-177" src="http://ljubljanapride.org/2021/wp-content/uploads/2021/05/Vkljuc-slo-300x60.png" alt="" width="560" height="112" srcset="http://ljubljanapride.org/2021/wp-content/uploads/2021/05/Vkljuc-slo-300x60.png 300w, http://ljubljanapride.org/2021/wp-content/uploads/2021/05/Vkljuc-slo-1024x205.png 1024w, http://ljubljanapride.org/2021/wp-content/uploads/2021/05/Vkljuc-slo-768x154.png 768w, http://ljubljanapride.org/2021/wp-content/uploads/2021/05/Vkljuc-slo-1536x307.png 1536w, http://ljubljanapride.org/2021/wp-content/uploads/2021/05/Vkljuc-slo-2048x409.png 2048w" sizes="auto, (max-width: 560px) 100vw, 560px" /></p>
</div></div>

<p>Organizira: Društvo Parada ponosa  Jezik: angleščina &nbsp; Konferenca si prizadeva odgovoriti na vprašanje &#8220;Kaj je vključujoče prostovoljstvo in kako ga lahko izvajamo v (mladinskih) organizacijah?&#8221; in je sestavljena iz treh delov. Prvi del se osredotoča na koncept vključujočega prostovoljstva in predstavitev publikacije &#8220;Vključevanje in podpiranje LGBTIQ+ mladih v projektih prostovoljstva Evropske solidarnostne enote: smernice za organizacije&#8221;. Drugi del, ki bo potekal v obliki okrogle mize raziskuje specifike in izzive vključujočega prostovoljstva s katerimi se organizacije soočajo v praksi.. V zadnjem delu bodo različne organizacije predstavile primere dobrih praks vključujočega prostovoljstva. &nbsp; LINK ZA PRIJAVO: https://forms.gle/ZURSsb7KMpDPEzFx5  &nbsp; OKVIRNI PROGRAM KONFERENCE: &nbsp;[&#8230;]</p>
