{"id":191,"date":"2021-05-25T10:54:34","date_gmt":"2021-05-25T08:54:34","guid":{"rendered":"http:\/\/ljubljanapride.org\/2021\/?post_type=tribe_events&#038;p=191"},"modified":"2021-06-01T13:54:04","modified_gmt":"2021-06-01T11:54:04","slug":"literarni-dogodek-popuscava-stisk-stene","status":"publish","type":"tribe_events","link":"http:\/\/ljubljanapride.org\/2021\/event\/literarni-dogodek-popuscava-stisk-stene\/","title":{"rendered":"Literarni dogodek: \u201cpopu\u0161\u010dava stisk stene\u201d"},"content":{"rendered":"<div id=\"dslc-theme-content\"><div id=\"dslc-theme-content-inner\"><p><span style=\"font-weight: 400;\"><strong>Organizira:<\/strong> Dru\u0161tvo Parada ponosa<\/span><\/p>\n<p><span style=\"font-weight: 400;\"><strong>Jezik:<\/strong> angle\u0161\u010dina, sloven\u0161\u010dina<\/span><\/p>\n<p>&nbsp;<\/p>\n<p><span style=\"font-weight: 400;\">Petkov ve\u010der bo krojila literatura, saj bodo obiskovalke_ce med svoje verze povabile_i slovensko-\u010de\u0161ki pesnik Alja\u017e Koprivnikar, slova\u0161ki ustvarjalec Michal Tallo in mad\u017earska pesnica Panka T\u00f6r\u00f6k. Tik pred za\u010detkom slovenskega predsedovanja Evropski uniji, a tudi v \u010dasu vse bolj o\u010ditnega pribli\u017eevanja Slovenije dru\u017ebi Vi\u0161egrajske skupine, bodo mlade_i ustvarjalke_ci predstavile_i svojo poezijo, za\u010drtale_i zemljevid LGBTIQ+ ustvarjalnosti v svoji dr\u017eavi ter jo tudi \u0161ir\u0161e dru\u017ebeno kontekstualizirale_i.<\/span><\/p>\n<div>Organizatorji se bomo dr\u017eali trenutno veljavnih ukrepov za zajezitev epidemije. Skladno s tem bomo upo\u0161tevali PCT (preboleli, cepljeni, testirani) pravila. Vse obiskovalke_ce vljudno napro\u0161amo, da upo\u0161tevate veljavne predpise in nam pomagate narediti dogodek mavri\u010den in varen.<\/div>\n<p>&nbsp;<\/p>\n<\/div><\/div>","protected":false},"excerpt":{"rendered":"<p>Organizira: Dru\u0161tvo Parada ponosa Jezik: angle\u0161\u010dina, sloven\u0161\u010dina &nbsp; Petkov ve\u010der bo krojila literatura, saj bodo obiskovalke_ce med svoje verze povabile_i slovensko-\u010de\u0161ki pesnik Alja\u017e Koprivnikar, slova\u0161ki ustvarjalec Michal Tallo in mad\u017earska pesnica Panka T\u00f6r\u00f6k. Tik pred za\u010detkom slovenskega predsedovanja Evropski uniji, a tudi v \u010dasu vse bolj o\u010ditnega pribli\u017eevanja Slovenije dru\u017ebi Vi\u0161egrajske skupine, bodo mlade_i ustvarjalke_ci predstavile_i svojo poezijo, za\u010drtale_i zemljevid LGBTIQ+ ustvarjalnosti v svoji dr\u017eavi ter jo tudi \u0161ir\u0161e dru\u017ebeno kontekstualizirale_i. Organizatorji se bomo dr\u017eali trenutno veljavnih ukrepov za zajezitev epidemije. Skladno s tem bomo upo\u0161tevali PCT (preboleli, cepljeni, testirani) pravila. Vse obiskovalke_ce vljudno napro\u0161amo, da upo\u0161tevate veljavne predpise in[&#8230;]<\/p>\n","protected":false},"author":1,"featured_media":333,"template":"","meta":{"_tribe_events_status":"","_tribe_events_status_reason":"","footnotes":""},"tags":[],"tribe_events_cat":[],"class_list":["post-191","tribe_events","type-tribe_events","status-publish","has-post-thumbnail","hentry"],"_links":{"self":[{"href":"http:\/\/ljubljanapride.org\/2021\/wp-json\/wp\/v2\/tribe_events\/191","targetHints":{"allow":["GET"]}}],"collection":[{"href":"http:\/\/ljubljanapride.org\/2021\/wp-json\/wp\/v2\/tribe_events"}],"about":[{"href":"http:\/\/ljubljanapride.org\/2021\/wp-json\/wp\/v2\/types\/tribe_events"}],"author":[{"embeddable":true,"href":"http:\/\/ljubljanapride.org\/2021\/wp-json\/wp\/v2\/users\/1"}],"version-history":[{"count":2,"href":"http:\/\/ljubljanapride.org\/2021\/wp-json\/wp\/v2\/tribe_events\/191\/revisions"}],"predecessor-version":[{"id":335,"href":"http:\/\/ljubljanapride.org\/2021\/wp-json\/wp\/v2\/tribe_events\/191\/revisions\/335"}],"wp:featuredmedia":[{"embeddable":true,"href":"http:\/\/ljubljanapride.org\/2021\/wp-json\/wp\/v2\/media\/333"}],"wp:attachment":[{"href":"http:\/\/ljubljanapride.org\/2021\/wp-json\/wp\/v2\/media?parent=191"}],"wp:term":[{"taxonomy":"post_tag","embeddable":true,"href":"http:\/\/ljubljanapride.org\/2021\/wp-json\/wp\/v2\/tags?post=191"},{"taxonomy":"tribe_events_cat","embeddable":true,"href":"http:\/\/ljubljanapride.org\/2021\/wp-json\/wp\/v2\/tribe_events_cat?post=191"}],"curies":[{"name":"wp","href":"https:\/\/api.w.org\/{rel}","templated":true}]}}

Literarni dogodek: “popuščava stisk stene”

<div id="dslc-theme-content"><div id="dslc-theme-content-inner"><p><span style="font-weight: 400;"><strong>Organizira:</strong> Društvo Parada ponosa</span></p>
<p><span style="font-weight: 400;"><strong>Jezik:</strong> angleščina, slovenščina</span></p>
<p>&nbsp;</p>
<p><span style="font-weight: 400;">Petkov večer bo krojila literatura, saj bodo obiskovalke_ce med svoje verze povabile_i slovensko-češki pesnik Aljaž Koprivnikar, slovaški ustvarjalec Michal Tallo in madžarska pesnica Panka Török. Tik pred začetkom slovenskega predsedovanja Evropski uniji, a tudi v času vse bolj očitnega približevanja Slovenije družbi Višegrajske skupine, bodo mlade_i ustvarjalke_ci predstavile_i svojo poezijo, začrtale_i zemljevid LGBTIQ+ ustvarjalnosti v svoji državi ter jo tudi širše družbeno kontekstualizirale_i.</span></p>
<div>Organizatorji se bomo držali trenutno veljavnih ukrepov za zajezitev epidemije. Skladno s tem bomo upoštevali PCT (preboleli, cepljeni, testirani) pravila. Vse obiskovalke_ce vljudno naprošamo, da upoštevate veljavne predpise in nam pomagate narediti dogodek mavričen in varen.</div>
<p>&nbsp;</p>
</div></div>

<p>Organizira: Društvo Parada ponosa Jezik: angleščina, slovenščina &nbsp; Petkov večer bo krojila literatura, saj bodo obiskovalke_ce med svoje verze povabile_i slovensko-češki pesnik Aljaž Koprivnikar, slovaški ustvarjalec Michal Tallo in madžarska pesnica Panka Török. Tik pred začetkom slovenskega predsedovanja Evropski uniji, a tudi v času vse bolj očitnega približevanja Slovenije družbi Višegrajske skupine, bodo mlade_i ustvarjalke_ci predstavile_i svojo poezijo, začrtale_i zemljevid LGBTIQ+ ustvarjalnosti v svoji državi ter jo tudi širše družbeno kontekstualizirale_i. Organizatorji se bomo držali trenutno veljavnih ukrepov za zajezitev epidemije. Skladno s tem bomo upoštevali PCT (preboleli, cepljeni, testirani) pravila. Vse obiskovalke_ce vljudno naprošamo, da upoštevate veljavne predpise in[&#8230;]</p>
