{"id":245,"date":"2021-05-25T17:19:51","date_gmt":"2021-05-25T15:19:51","guid":{"rendered":"http:\/\/ljubljanapride.org\/2021\/?post_type=tribe_events&#038;p=245"},"modified":"2021-06-18T11:32:36","modified_gmt":"2021-06-18T09:32:36","slug":"parada-ponosa","status":"publish","type":"tribe_events","link":"http:\/\/ljubljanapride.org\/2021\/event\/parada-ponosa\/","title":{"rendered":"Parada ponosa in Balkanski Trans Inter mar\u0161"},"content":{"rendered":"<div id=\"dslc-theme-content\"><div id=\"dslc-theme-content-inner\"><p><strong>Organizira:<\/strong> Dru\u0161tvo Parada ponosa<\/p>\n<p style=\"text-align: left;\"><strong>Jezik:<\/strong> sloven\u0161\u010dina in angle\u0161\u010dina + tolma\u010denje v slovenski znakovni jezik<\/p>\n<p>\ud83c\udff3\ufe0f\u200d\ud83c\udf08 Zbiranje za Parado ponosa \ud83c\udff3\ufe0f\u200d\ud83c\udf08<br \/>\n&#8212;&#8212;&#8212;&#8212;&#8212;&#8212;&#8212;&#8212;&#8212;&#8212;&#8212;<br \/>\nSobota, 19. junij, 17:00 \u2013 18:00<br \/>\nPriprave in zbor za protestni pohod<\/p>\n<p>Metelkova, Masarykova 24, Ljubljana<\/p>\n<p>\ud83c\udff3\ufe0f\u200d\ud83c\udf08 Parada ponosa 2021 in Balkanski Trans Inter mar\u0161 \ud83c\udff3\ufe0f\u200d\ud83c\udf08<br \/>\n&#8212;&#8212;&#8212;&#8212;&#8212;&#8212;&#8212;-<br \/>\nSobota, 19. junij, 18:00 \u2013 19:00<br \/>\nProtestni shod po ulicah Ljubljane<\/p>\n<p>(Masarykova \u2013 Dunajska cesta \u2013 Slovenska cesta \u2013 Kongresni Trg)<\/p>\n<p>\ud83c\udff3\ufe0f\u200d\ud83c\udf08 Politi\u010dno \u2013 kulturni program \ud83c\udff3\ufe0f\u200d\ud83c\udf08<br \/>\n&#8212;&#8212;&#8212;&#8212;&#8212;&#8212;&#8212;&#8212;&#8212;&#8212;&#8212;-<br \/>\nSobota, 19. junij, 19:00 \u2013 23:00<br \/>\nOder na Kogresnem trgu<\/p>\n<p>Program:<br \/>\nNagovori in glasbeni intermezzo: r3NTG3n<br \/>\nKoncert: Lovekovski (Slo)<br \/>\nKoncert: Nipplepeople (Cro)<\/p>\n<p>Kongresni trg<\/p>\n<p>&nbsp;<\/p>\n<p>Leto\u0161nja Parada ponosa bo potekala brez predhodnih prijav in v skladu z vsemi veljavnimi ukrepi in navodili NIJZ za organizacijo shodov. Za udele\u017ebo v shodu ni potrebno izpolnjevanje PCT pogojev.<\/p>\n<p>&nbsp;<\/p>\n<p>Organizatorji se bomo dr\u017eali trenutno veljavnih ukrepov za zajezitev epidemije. Skladno s tem bomo upo\u0161tevali PCT (preboleli, cepljeni, testirani) pravila. Vse obiskovalke_ce vljudno napro\u0161amo, da upo\u0161tevate veljavne predpise in nam pomagate narediti dogodek mavri\u010den in varen.<\/p>\n<p>&nbsp;<\/p>\n<\/div><\/div>","protected":false},"excerpt":{"rendered":"<p>Organizira: Dru\u0161tvo Parada ponosa Jezik: sloven\u0161\u010dina in angle\u0161\u010dina + tolma\u010denje v slovenski znakovni jezik \ud83c\udff3\ufe0f\u200d\ud83c\udf08 Zbiranje za Parado ponosa \ud83c\udff3\ufe0f\u200d\ud83c\udf08 &#8212;&#8212;&#8212;&#8212;&#8212;&#8212;&#8212;&#8212;&#8212;&#8212;&#8212; Sobota, 19. junij, 17:00 \u2013 18:00 Priprave in zbor za protestni pohod Metelkova, Masarykova 24, Ljubljana \ud83c\udff3\ufe0f\u200d\ud83c\udf08 Parada ponosa 2021 in Balkanski Trans Inter mar\u0161 \ud83c\udff3\ufe0f\u200d\ud83c\udf08 &#8212;&#8212;&#8212;&#8212;&#8212;&#8212;&#8212;- Sobota, 19. junij, 18:00 \u2013 19:00 Protestni shod po ulicah Ljubljane (Masarykova \u2013 Dunajska cesta \u2013 Slovenska cesta \u2013 Kongresni Trg) \ud83c\udff3\ufe0f\u200d\ud83c\udf08 Politi\u010dno \u2013 kulturni program \ud83c\udff3\ufe0f\u200d\ud83c\udf08 &#8212;&#8212;&#8212;&#8212;&#8212;&#8212;&#8212;&#8212;&#8212;&#8212;&#8212;- Sobota, 19. junij, 19:00 \u2013 23:00 Oder na Kogresnem trgu Program: Nagovori in glasbeni intermezzo: r3NTG3n Koncert: Lovekovski (Slo) Koncert: Nipplepeople (Cro) Kongresni trg[&#8230;]<\/p>\n","protected":false},"author":1,"featured_media":374,"template":"","meta":{"_tribe_events_status":"","_tribe_events_status_reason":"","footnotes":""},"tags":[],"tribe_events_cat":[],"class_list":["post-245","tribe_events","type-tribe_events","status-publish","has-post-thumbnail","hentry"],"_links":{"self":[{"href":"http:\/\/ljubljanapride.org\/2021\/wp-json\/wp\/v2\/tribe_events\/245","targetHints":{"allow":["GET"]}}],"collection":[{"href":"http:\/\/ljubljanapride.org\/2021\/wp-json\/wp\/v2\/tribe_events"}],"about":[{"href":"http:\/\/ljubljanapride.org\/2021\/wp-json\/wp\/v2\/types\/tribe_events"}],"author":[{"embeddable":true,"href":"http:\/\/ljubljanapride.org\/2021\/wp-json\/wp\/v2\/users\/1"}],"version-history":[{"count":7,"href":"http:\/\/ljubljanapride.org\/2021\/wp-json\/wp\/v2\/tribe_events\/245\/revisions"}],"predecessor-version":[{"id":398,"href":"http:\/\/ljubljanapride.org\/2021\/wp-json\/wp\/v2\/tribe_events\/245\/revisions\/398"}],"wp:featuredmedia":[{"embeddable":true,"href":"http:\/\/ljubljanapride.org\/2021\/wp-json\/wp\/v2\/media\/374"}],"wp:attachment":[{"href":"http:\/\/ljubljanapride.org\/2021\/wp-json\/wp\/v2\/media?parent=245"}],"wp:term":[{"taxonomy":"post_tag","embeddable":true,"href":"http:\/\/ljubljanapride.org\/2021\/wp-json\/wp\/v2\/tags?post=245"},{"taxonomy":"tribe_events_cat","embeddable":true,"href":"http:\/\/ljubljanapride.org\/2021\/wp-json\/wp\/v2\/tribe_events_cat?post=245"}],"curies":[{"name":"wp","href":"https:\/\/api.w.org\/{rel}","templated":true}]}}

Parada ponosa in Balkanski Trans Inter marš

<div id="dslc-theme-content"><div id="dslc-theme-content-inner"><p><strong>Organizira:</strong> Društvo Parada ponosa</p>
<p style="text-align: left;"><strong>Jezik:</strong> slovenščina in angleščina + tolmačenje v slovenski znakovni jezik</p>
<p>🏳️‍🌈 Zbiranje za Parado ponosa 🏳️‍🌈<br />
&#8212;&#8212;&#8212;&#8212;&#8212;&#8212;&#8212;&#8212;&#8212;&#8212;&#8212;<br />
Sobota, 19. junij, 17:00 – 18:00<br />
Priprave in zbor za protestni pohod</p>
<p>Metelkova, Masarykova 24, Ljubljana</p>
<p>🏳️‍🌈 Parada ponosa 2021 in Balkanski Trans Inter marš 🏳️‍🌈<br />
&#8212;&#8212;&#8212;&#8212;&#8212;&#8212;&#8212;-<br />
Sobota, 19. junij, 18:00 – 19:00<br />
Protestni shod po ulicah Ljubljane</p>
<p>(Masarykova – Dunajska cesta – Slovenska cesta – Kongresni Trg)</p>
<p>🏳️‍🌈 Politično – kulturni program 🏳️‍🌈<br />
&#8212;&#8212;&#8212;&#8212;&#8212;&#8212;&#8212;&#8212;&#8212;&#8212;&#8212;-<br />
Sobota, 19. junij, 19:00 – 23:00<br />
Oder na Kogresnem trgu</p>
<p>Program:<br />
Nagovori in glasbeni intermezzo: r3NTG3n<br />
Koncert: Lovekovski (Slo)<br />
Koncert: Nipplepeople (Cro)</p>
<p>Kongresni trg</p>
<p>&nbsp;</p>
<p>Letošnja Parada ponosa bo potekala brez predhodnih prijav in v skladu z vsemi veljavnimi ukrepi in navodili NIJZ za organizacijo shodov. Za udeležbo v shodu ni potrebno izpolnjevanje PCT pogojev.</p>
<p>&nbsp;</p>
<p>Organizatorji se bomo držali trenutno veljavnih ukrepov za zajezitev epidemije. Skladno s tem bomo upoštevali PCT (preboleli, cepljeni, testirani) pravila. Vse obiskovalke_ce vljudno naprošamo, da upoštevate veljavne predpise in nam pomagate narediti dogodek mavričen in varen.</p>
<p>&nbsp;</p>
</div></div>

<p>Organizira: Društvo Parada ponosa Jezik: slovenščina in angleščina + tolmačenje v slovenski znakovni jezik 🏳️‍🌈 Zbiranje za Parado ponosa 🏳️‍🌈 &#8212;&#8212;&#8212;&#8212;&#8212;&#8212;&#8212;&#8212;&#8212;&#8212;&#8212; Sobota, 19. junij, 17:00 – 18:00 Priprave in zbor za protestni pohod Metelkova, Masarykova 24, Ljubljana 🏳️‍🌈 Parada ponosa 2021 in Balkanski Trans Inter marš 🏳️‍🌈 &#8212;&#8212;&#8212;&#8212;&#8212;&#8212;&#8212;- Sobota, 19. junij, 18:00 – 19:00 Protestni shod po ulicah Ljubljane (Masarykova – Dunajska cesta – Slovenska cesta – Kongresni Trg) 🏳️‍🌈 Politično – kulturni program 🏳️‍🌈 &#8212;&#8212;&#8212;&#8212;&#8212;&#8212;&#8212;&#8212;&#8212;&#8212;&#8212;- Sobota, 19. junij, 19:00 – 23:00 Oder na Kogresnem trgu Program: Nagovori in glasbeni intermezzo: r3NTG3n Koncert: Lovekovski (Slo) Koncert: Nipplepeople (Cro) Kongresni trg[&#8230;]</p>
