{"id":392,"date":"2021-06-15T11:50:53","date_gmt":"2021-06-15T09:50:53","guid":{"rendered":"http:\/\/ljubljanapride.org\/2021\/?post_type=tribe_events&#038;p=392"},"modified":"2021-06-18T06:57:40","modified_gmt":"2021-06-18T04:57:40","slug":"paradno-mesto","status":"publish","type":"tribe_events","link":"http:\/\/ljubljanapride.org\/2021\/event\/paradno-mesto\/","title":{"rendered":"Paradno mesto"},"content":{"rendered":"<div id=\"dslc-theme-content\"><div id=\"dslc-theme-content-inner\"><div>LGBTIQ+ organizacije se predstavljajo.<\/div>\n<div>Na stojnicah se bodo predstavljale LGBTIQ+ organizacije in organizacije, ki s svojimi aktivnostmi naslavljajo LGBTIQ+ tematike.<\/div>\n<div><\/div>\n<div>\n<p style=\"font-weight: 400;\"><strong>13.00 branje poezije Toma Vebra<\/strong><\/p>\n<p>Tom Veber (Maribor, 1995), pesnik, performer, vizualni umetnik. Poezijo objavlja v revijah Dialogi, Mentor, Literatura in Apokalipsa, njegove pesmi so bile objavljene na Mad\u017earskem, v Gr\u010diji, Avstriji, Franciji, Nem\u010diji, Rusiji in na Kitajskem.\u00a0V letu 2019 je iz\u0161el njegov pesni\u0161ki prvenec To\u010dka preloma. Je glavni urednik spletne platforme STIGMA. Predstavil sem nam bo s kratkim branjem poezije z LGBTIQ+ motiviko iz prihajajo\u010de pesni\u0161ke zbirke.<\/p>\n<\/div>\n<div><\/div>\n<div><\/div>\n<\/div><\/div>","protected":false},"excerpt":{"rendered":"<p>LGBTIQ+ organizacije se predstavljajo. Na stojnicah se bodo predstavljale LGBTIQ+ organizacije in organizacije, ki s svojimi aktivnostmi naslavljajo LGBTIQ+ tematike. 13.00 branje poezije Toma Vebra Tom Veber (Maribor, 1995), pesnik, performer, vizualni umetnik. Poezijo objavlja v revijah Dialogi, Mentor, Literatura in Apokalipsa, njegove pesmi so bile objavljene na Mad\u017earskem, v Gr\u010diji, Avstriji, Franciji, Nem\u010diji, Rusiji in na Kitajskem.\u00a0V letu 2019 je iz\u0161el njegov pesni\u0161ki prvenec To\u010dka preloma. Je glavni urednik spletne platforme STIGMA. Predstavil sem nam bo s kratkim branjem poezije z LGBTIQ+ motiviko iz prihajajo\u010de pesni\u0161ke zbirke.<\/p>\n","protected":false},"author":1,"featured_media":393,"template":"","meta":{"_tribe_events_status":"","_tribe_events_status_reason":"","footnotes":""},"tags":[],"tribe_events_cat":[],"class_list":["post-392","tribe_events","type-tribe_events","status-publish","has-post-thumbnail","hentry"],"_links":{"self":[{"href":"http:\/\/ljubljanapride.org\/2021\/wp-json\/wp\/v2\/tribe_events\/392","targetHints":{"allow":["GET"]}}],"collection":[{"href":"http:\/\/ljubljanapride.org\/2021\/wp-json\/wp\/v2\/tribe_events"}],"about":[{"href":"http:\/\/ljubljanapride.org\/2021\/wp-json\/wp\/v2\/types\/tribe_events"}],"author":[{"embeddable":true,"href":"http:\/\/ljubljanapride.org\/2021\/wp-json\/wp\/v2\/users\/1"}],"version-history":[{"count":1,"href":"http:\/\/ljubljanapride.org\/2021\/wp-json\/wp\/v2\/tribe_events\/392\/revisions"}],"predecessor-version":[{"id":395,"href":"http:\/\/ljubljanapride.org\/2021\/wp-json\/wp\/v2\/tribe_events\/392\/revisions\/395"}],"wp:featuredmedia":[{"embeddable":true,"href":"http:\/\/ljubljanapride.org\/2021\/wp-json\/wp\/v2\/media\/393"}],"wp:attachment":[{"href":"http:\/\/ljubljanapride.org\/2021\/wp-json\/wp\/v2\/media?parent=392"}],"wp:term":[{"taxonomy":"post_tag","embeddable":true,"href":"http:\/\/ljubljanapride.org\/2021\/wp-json\/wp\/v2\/tags?post=392"},{"taxonomy":"tribe_events_cat","embeddable":true,"href":"http:\/\/ljubljanapride.org\/2021\/wp-json\/wp\/v2\/tribe_events_cat?post=392"}],"curies":[{"name":"wp","href":"https:\/\/api.w.org\/{rel}","templated":true}]}}

<div id="dslc-theme-content"><div id="dslc-theme-content-inner"><div>LGBTIQ+ organizacije se predstavljajo.</div>
<div>Na stojnicah se bodo predstavljale LGBTIQ+ organizacije in organizacije, ki s svojimi aktivnostmi naslavljajo LGBTIQ+ tematike.</div>
<div></div>
<div>
<p style="font-weight: 400;"><strong>13.00 branje poezije Toma Vebra</strong></p>
<p>Tom Veber (Maribor, 1995), pesnik, performer, vizualni umetnik. Poezijo objavlja v revijah Dialogi, Mentor, Literatura in Apokalipsa, njegove pesmi so bile objavljene na Madžarskem, v Grčiji, Avstriji, Franciji, Nemčiji, Rusiji in na Kitajskem. V letu 2019 je izšel njegov pesniški prvenec Točka preloma. Je glavni urednik spletne platforme STIGMA. Predstavil sem nam bo s kratkim branjem poezije z LGBTIQ+ motiviko iz prihajajoče pesniške zbirke.</p>
</div>
<div></div>
<div></div>
</div></div>

<p>LGBTIQ+ organizacije se predstavljajo. Na stojnicah se bodo predstavljale LGBTIQ+ organizacije in organizacije, ki s svojimi aktivnostmi naslavljajo LGBTIQ+ tematike. 13.00 branje poezije Toma Vebra Tom Veber (Maribor, 1995), pesnik, performer, vizualni umetnik. Poezijo objavlja v revijah Dialogi, Mentor, Literatura in Apokalipsa, njegove pesmi so bile objavljene na Madžarskem, v Grčiji, Avstriji, Franciji, Nemčiji, Rusiji in na Kitajskem. V letu 2019 je izšel njegov pesniški prvenec Točka preloma. Je glavni urednik spletne platforme STIGMA. Predstavil sem nam bo s kratkim branjem poezije z LGBTIQ+ motiviko iz prihajajoče pesniške zbirke.</p>
