{"id":6751,"date":"2022-05-21T04:18:33","date_gmt":"2022-05-21T03:18:33","guid":{"rendered":"https:\/\/ljubljanapride.org\/2022\/?page_id=6751"},"modified":"2022-05-21T04:48:10","modified_gmt":"2022-05-21T03:48:10","slug":"ment-yves-tumor","status":"publish","type":"page","link":"https:\/\/ljubljanapride.org\/2022\/ment-yves-tumor\/","title":{"rendered":"Ment: Yves Tumor"},"content":{"rendered":"<p>[et_pb_section fb_built=&#8221;1&#8243; _builder_version=&#8221;4.14.8&#8243; _module_preset=&#8221;default&#8221; background_color=&#8221;#FFFFFF&#8221; global_colors_info=&#8221;{}&#8221;][et_pb_row column_structure=&#8221;1_2,1_2&#8243; _builder_version=&#8221;4.14.8&#8243; _module_preset=&#8221;default&#8221; custom_padding=&#8221;0px||0px||false|false&#8221; global_colors_info=&#8221;{}&#8221;][et_pb_column type=&#8221;1_2&#8243; _builder_version=&#8221;4.14.8&#8243; _module_preset=&#8221;default&#8221; global_colors_info=&#8221;{}&#8221;][et_pb_text _builder_version=&#8221;4.14.8&#8243; _module_preset=&#8221;default&#8221; link_font=&#8221;bigjohn||||on|||#c02a69|&#8221; link_text_color=&#8221;#c02a69&#8243; link_font_size=&#8221;16px&#8221; global_colors_info=&#8221;{}&#8221;]<\/p>\n<p style=\"text-align: left;\"><a href=\"https:\/\/ljubljanapride.org\/2022\/volitve-v-avtoritarnih-drzavah\/\">\u2190Prej\u0161nji dogodek<\/a><\/p>\n<p>[\/et_pb_text][\/et_pb_column][et_pb_column type=&#8221;1_2&#8243; _builder_version=&#8221;4.14.8&#8243; _module_preset=&#8221;default&#8221; global_colors_info=&#8221;{}&#8221;][et_pb_text _builder_version=&#8221;4.14.8&#8243; _module_preset=&#8221;default&#8221; link_font=&#8221;bigjohn||||on|||#c02a69|&#8221; link_text_color=&#8221;#c02a69&#8243; link_font_size=&#8221;16px&#8221; global_colors_info=&#8221;{}&#8221;]<\/p>\n<p style=\"text-align: right;\"><a href=\"https:\/\/ljubljanapride.org\/2022\/kvirkoli\/\">Naslednji dogodek \u2192<\/a><\/p>\n<p>[\/et_pb_text][\/et_pb_column][\/et_pb_row][et_pb_row _builder_version=&#8221;4.14.8&#8243; _module_preset=&#8221;default&#8221; global_colors_info=&#8221;{}&#8221;][et_pb_column type=&#8221;4_4&#8243; _builder_version=&#8221;4.14.8&#8243; _module_preset=&#8221;default&#8221; global_colors_info=&#8221;{}&#8221;][et_pb_image src=&#8221;https:\/\/ljubljanapride.org\/2022\/wp-content\/uploads\/2022\/05\/Ment_fb-event-scaled.jpg&#8221; title_text=&#8221;Ment_fb event&#8221; _builder_version=&#8221;4.14.8&#8243; _module_preset=&#8221;default&#8221; box_shadow_style=&#8221;preset1&#8243; global_colors_info=&#8221;{}&#8221;][\/et_pb_image][\/et_pb_column][\/et_pb_row][et_pb_row _builder_version=&#8221;4.14.8&#8243; _module_preset=&#8221;default&#8221; global_colors_info=&#8221;{}&#8221;][et_pb_column type=&#8221;4_4&#8243; _builder_version=&#8221;4.14.8&#8243; _module_preset=&#8221;default&#8221; global_colors_info=&#8221;{}&#8221;][et_pb_text _builder_version=&#8221;4.14.8&#8243; _module_preset=&#8221;default&#8221; header_3_font=&#8221;bigjohn||||||||&#8221; border_width_bottom=&#8221;4px&#8221; border_color_bottom=&#8221;#c02a69&#8243; global_colors_info=&#8221;{}&#8221;]<\/p>\n<h1 style=\"text-align: center;\">MENT: YVES TUMOR<\/h1>\n<h3 style=\"text-align: center;\">Koncert<\/h3>\n<p>[\/et_pb_text][\/et_pb_column][\/et_pb_row][et_pb_row column_structure=&#8221;1_2,1_2&#8243; _builder_version=&#8221;4.14.8&#8243; _module_preset=&#8221;default&#8221; global_colors_info=&#8221;{}&#8221;][et_pb_column type=&#8221;1_2&#8243; _builder_version=&#8221;4.14.8&#8243; _module_preset=&#8221;default&#8221; global_colors_info=&#8221;{}&#8221;][et_pb_blurb title=&#8221;8. 6. 2022 ob 20:00\u201323:00&#8243; use_icon=&#8221;on&#8221; font_icon=&#8221;&#xf017;||fa||900&#8243; icon_color=&#8221;#c02a69&#8243; image_icon_width=&#8221;55px&#8221; _builder_version=&#8221;4.14.8&#8243; _module_preset=&#8221;default&#8221; header_font=&#8221;bigjohn||||||||&#8221; header_text_align=&#8221;center&#8221; global_colors_info=&#8221;{}&#8221;][\/et_pb_blurb][\/et_pb_column][et_pb_column type=&#8221;1_2&#8243; _builder_version=&#8221;4.14.8&#8243; _module_preset=&#8221;default&#8221; global_colors_info=&#8221;{}&#8221;][et_pb_blurb title=&#8221;Kino \u0160i\u0161ka (Trg Prekomorskih brigad 3, Ljubljana)&#8221; use_icon=&#8221;on&#8221; font_icon=&#8221;&#xf3c5;||fa||900&#8243; icon_color=&#8221;#c02a69&#8243; image_icon_width=&#8221;55px&#8221; _builder_version=&#8221;4.14.8&#8243; _module_preset=&#8221;default&#8221; header_font=&#8221;bigjohn||||||||&#8221; header_text_align=&#8221;center&#8221; global_colors_info=&#8221;{}&#8221;][\/et_pb_blurb][\/et_pb_column][\/et_pb_row][et_pb_row _builder_version=&#8221;4.14.8&#8243; _module_preset=&#8221;default&#8221; global_colors_info=&#8221;{}&#8221;][et_pb_column type=&#8221;4_4&#8243; _builder_version=&#8221;4.14.8&#8243; _module_preset=&#8221;default&#8221; global_colors_info=&#8221;{}&#8221;][et_pb_text _builder_version=&#8221;4.14.8&#8243; _module_preset=&#8221;default&#8221; text_font_size=&#8221;16px&#8221; hover_enabled=&#8221;0&#8243; global_colors_info=&#8221;{}&#8221; sticky_enabled=&#8221;0&#8243;]<\/p>\n<p style=\"text-align: center;\">V sodelovanju z MENT Ljubljana \u2013 Kino \u0160i\u0161ka.<\/p>\n<p style=\"text-align: justify;\">Yves Tumor je kantavtor_ica in producent_ka, ki na neulovljiv, a organski na\u010dni spaja najrazli\u010dnej\u0161e \u017eanre in glasbene izraze. Skozi prepletanje prvin klasi\u010dnega rocka, psihedelije in elektronske glasbe pod vpra\u0161aj nenehno postavlja definicijo sodobnega popa. Njen_egov eklekti\u010den glasbeni izraz je podprt z vizualno reprezentacijo, ki o\u010dara in presene\u010da hkrati. Misti\u010dnost in izmuzljivost sta njeni_egovi naravni agregatni stanji, in \u010deprav strogo varuje svojo zasebnost, nas s svojo glasbo priteguje in popelje v \u010dudovite svetove.<\/p>\n<p style=\"text-align: justify;\">Tumorjevi najodmevnej\u0161i singli Gospel For A New Century, Kerosene!, Noid, Licking An Orchid in Lifetime so po\u017eeli pohvale medijev, kot so New York Times, WSJ, Rolling Stone, Pitchfork, The FADER, NPR in drugi. Zadnja dva albuma Safe In The Hands of Love (2018) in Heaven To A Tortured Mind (2020), ki sta iz\u0161la pri cenjeni britanski zalo\u017ebi Warp, pa sta umetnico_ka uvrstila v sam vrh kriti\u0161ko \u010dislanih trans\u017eanrskih glasbenikov 21. stoletja.<\/p>\n<p style=\"text-align: justify;\">Pridru\u017eite se ekipi Festivala Parada ponosa na tem odli\u010dnem koncertu, ki zaganja festival MENT, in ne pozabite se oglasiti na na\u0161i stojnici. Se vidimo!<\/p>\n<p>[\/et_pb_text][\/et_pb_column][\/et_pb_row][\/et_pb_section]<\/p>\n","protected":false},"excerpt":{"rendered":"<p>\u2190Prej\u0161nji dogodekNaslednji dogodek \u2192MENT: YVES TUMOR KoncertV sodelovanju z MENT Ljubljana \u2013 Kino \u0160i\u0161ka. Yves Tumor je kantavtor_ica in producent_ka, ki na neulovljiv, a organski na\u010dni spaja najrazli\u010dnej\u0161e \u017eanre in [&hellip;]<\/p>\n","protected":false},"author":1,"featured_media":6752,"parent":0,"menu_order":0,"comment_status":"closed","ping_status":"closed","template":"","meta":{"_et_pb_use_builder":"on","_et_pb_old_content":"","_et_gb_content_width":""},"yoast_head":"<!-- This site is optimized with the Yoast SEO plugin v20.3 - https:\/\/yoast.com\/wordpress\/plugins\/seo\/ -->\n<title>Ment: Yves Tumor - Ljubljana Pride 2022<\/title>\n<meta name=\"robots\" content=\"index, follow, max-snippet:-1, max-image-preview:large, max-video-preview:-1\" \/>\n<link rel=\"canonical\" href=\"https:\/\/ljubljanapride.org\/2022\/ment-yves-tumor\/\" \/>\n<meta property=\"og:locale\" content=\"sl_SI\" \/>\n<meta property=\"og:type\" content=\"article\" \/>\n<meta property=\"og:title\" content=\"Ment: Yves Tumor - Ljubljana Pride 2022\" \/>\n<meta property=\"og:description\" content=\"\u2190Prej\u0161nji dogodekNaslednji dogodek \u2192MENT: YVES TUMOR KoncertV sodelovanju z MENT Ljubljana \u2013 Kino \u0160i\u0161ka. Yves Tumor je kantavtor_ica in producent_ka, ki na neulovljiv, a organski na\u010dni spaja najrazli\u010dnej\u0161e \u017eanre in [&hellip;]\" \/>\n<meta property=\"og:url\" content=\"https:\/\/ljubljanapride.org\/2022\/ment-yves-tumor\/\" \/>\n<meta property=\"og:site_name\" content=\"Ljubljana Pride 2022\" \/>\n<meta property=\"article:modified_time\" content=\"2022-05-21T03:48:10+00:00\" \/>\n<meta property=\"og:image\" content=\"https:\/\/ljubljanapride.org\/2022\/wp-content\/uploads\/2022\/05\/Ment_fb-event-scaled.jpg\" \/>\n\t<meta property=\"og:image:width\" content=\"2560\" \/>\n\t<meta property=\"og:image:height\" content=\"1340\" \/>\n\t<meta property=\"og:image:type\" content=\"image\/jpeg\" \/>\n<meta name=\"twitter:card\" content=\"summary_large_image\" \/>\n<script type=\"application\/ld+json\" class=\"yoast-schema-graph\">{\"@context\":\"https:\/\/schema.org\",\"@graph\":[{\"@type\":\"WebPage\",\"@id\":\"https:\/\/ljubljanapride.org\/2022\/ment-yves-tumor\/\",\"url\":\"https:\/\/ljubljanapride.org\/2022\/ment-yves-tumor\/\",\"name\":\"Ment: Yves Tumor - Ljubljana Pride 2022\",\"isPartOf\":{\"@id\":\"https:\/\/ljubljanapride.org\/2022\/#website\"},\"datePublished\":\"2022-05-21T03:18:33+00:00\",\"dateModified\":\"2022-05-21T03:48:10+00:00\",\"breadcrumb\":{\"@id\":\"https:\/\/ljubljanapride.org\/2022\/ment-yves-tumor\/#breadcrumb\"},\"inLanguage\":\"sl-SI\",\"potentialAction\":[{\"@type\":\"ReadAction\",\"target\":[\"https:\/\/ljubljanapride.org\/2022\/ment-yves-tumor\/\"]}]},{\"@type\":\"BreadcrumbList\",\"@id\":\"https:\/\/ljubljanapride.org\/2022\/ment-yves-tumor\/#breadcrumb\",\"itemListElement\":[{\"@type\":\"ListItem\",\"position\":1,\"name\":\"Home\",\"item\":\"https:\/\/ljubljanapride.org\/2022\/\"},{\"@type\":\"ListItem\",\"position\":2,\"name\":\"Ment: Yves Tumor\"}]},{\"@type\":\"WebSite\",\"@id\":\"https:\/\/ljubljanapride.org\/2022\/#website\",\"url\":\"https:\/\/ljubljanapride.org\/2022\/\",\"name\":\"Ljubljana Pride 2022\",\"description\":\"\u010cas je za mavri\u010dni glas\",\"potentialAction\":[{\"@type\":\"SearchAction\",\"target\":{\"@type\":\"EntryPoint\",\"urlTemplate\":\"https:\/\/ljubljanapride.org\/2022\/?s={search_term_string}\"},\"query-input\":\"required name=search_term_string\"}],\"inLanguage\":\"sl-SI\"}]}<\/script>\n<!-- \/ Yoast SEO plugin. -->","yoast_head_json":{"title":"Ment: Yves Tumor - Ljubljana Pride 2022","robots":{"index":"index","follow":"follow","max-snippet":"max-snippet:-1","max-image-preview":"max-image-preview:large","max-video-preview":"max-video-preview:-1"},"canonical":"https:\/\/ljubljanapride.org\/2022\/ment-yves-tumor\/","og_locale":"sl_SI","og_type":"article","og_title":"Ment: Yves Tumor - Ljubljana Pride 2022","og_description":"\u2190Prej\u0161nji dogodekNaslednji dogodek \u2192MENT: YVES TUMOR KoncertV sodelovanju z MENT Ljubljana \u2013 Kino \u0160i\u0161ka. Yves Tumor je kantavtor_ica in producent_ka, ki na neulovljiv, a organski na\u010dni spaja najrazli\u010dnej\u0161e \u017eanre in [&hellip;]","og_url":"https:\/\/ljubljanapride.org\/2022\/ment-yves-tumor\/","og_site_name":"Ljubljana Pride 2022","article_modified_time":"2022-05-21T03:48:10+00:00","og_image":[{"width":2560,"height":1340,"url":"https:\/\/ljubljanapride.org\/2022\/wp-content\/uploads\/2022\/05\/Ment_fb-event-scaled.jpg","type":"image\/jpeg"}],"twitter_card":"summary_large_image","schema":{"@context":"https:\/\/schema.org","@graph":[{"@type":"WebPage","@id":"https:\/\/ljubljanapride.org\/2022\/ment-yves-tumor\/","url":"https:\/\/ljubljanapride.org\/2022\/ment-yves-tumor\/","name":"Ment: Yves Tumor - Ljubljana Pride 2022","isPartOf":{"@id":"https:\/\/ljubljanapride.org\/2022\/#website"},"datePublished":"2022-05-21T03:18:33+00:00","dateModified":"2022-05-21T03:48:10+00:00","breadcrumb":{"@id":"https:\/\/ljubljanapride.org\/2022\/ment-yves-tumor\/#breadcrumb"},"inLanguage":"sl-SI","potentialAction":[{"@type":"ReadAction","target":["https:\/\/ljubljanapride.org\/2022\/ment-yves-tumor\/"]}]},{"@type":"BreadcrumbList","@id":"https:\/\/ljubljanapride.org\/2022\/ment-yves-tumor\/#breadcrumb","itemListElement":[{"@type":"ListItem","position":1,"name":"Home","item":"https:\/\/ljubljanapride.org\/2022\/"},{"@type":"ListItem","position":2,"name":"Ment: Yves Tumor"}]},{"@type":"WebSite","@id":"https:\/\/ljubljanapride.org\/2022\/#website","url":"https:\/\/ljubljanapride.org\/2022\/","name":"Ljubljana Pride 2022","description":"\u010cas je za mavri\u010dni glas","potentialAction":[{"@type":"SearchAction","target":{"@type":"EntryPoint","urlTemplate":"https:\/\/ljubljanapride.org\/2022\/?s={search_term_string}"},"query-input":"required name=search_term_string"}],"inLanguage":"sl-SI"}]}},"_links":{"self":[{"href":"https:\/\/ljubljanapride.org\/2022\/wp-json\/wp\/v2\/pages\/6751"}],"collection":[{"href":"https:\/\/ljubljanapride.org\/2022\/wp-json\/wp\/v2\/pages"}],"about":[{"href":"https:\/\/ljubljanapride.org\/2022\/wp-json\/wp\/v2\/types\/page"}],"author":[{"embeddable":true,"href":"https:\/\/ljubljanapride.org\/2022\/wp-json\/wp\/v2\/users\/1"}],"replies":[{"embeddable":true,"href":"https:\/\/ljubljanapride.org\/2022\/wp-json\/wp\/v2\/comments?post=6751"}],"version-history":[{"count":4,"href":"https:\/\/ljubljanapride.org\/2022\/wp-json\/wp\/v2\/pages\/6751\/revisions"}],"predecessor-version":[{"id":6786,"href":"https:\/\/ljubljanapride.org\/2022\/wp-json\/wp\/v2\/pages\/6751\/revisions\/6786"}],"wp:featuredmedia":[{"embeddable":true,"href":"https:\/\/ljubljanapride.org\/2022\/wp-json\/wp\/v2\/media\/6752"}],"wp:attachment":[{"href":"https:\/\/ljubljanapride.org\/2022\/wp-json\/wp\/v2\/media?parent=6751"}],"curies":[{"name":"wp","href":"https:\/\/api.w.org\/{rel}","templated":true}]}}

<p>[et_pb_section fb_built=&#8221;1&#8243; _builder_version=&#8221;4.14.8&#8243; _module_preset=&#8221;default&#8221; background_color=&#8221;#FFFFFF&#8221; global_colors_info=&#8221;{}&#8221;][et_pb_row column_structure=&#8221;1_2,1_2&#8243; _builder_version=&#8221;4.14.8&#8243; _module_preset=&#8221;default&#8221; custom_padding=&#8221;0px||0px||false|false&#8221; global_colors_info=&#8221;{}&#8221;][et_pb_column type=&#8221;1_2&#8243; _builder_version=&#8221;4.14.8&#8243; _module_preset=&#8221;default&#8221; global_colors_info=&#8221;{}&#8221;][et_pb_text _builder_version=&#8221;4.14.8&#8243; _module_preset=&#8221;default&#8221; link_font=&#8221;bigjohn||||on|||#c02a69|&#8221; link_text_color=&#8221;#c02a69&#8243; link_font_size=&#8221;16px&#8221; global_colors_info=&#8221;{}&#8221;]</p>
<p style="text-align: left;"><a href="https://ljubljanapride.org/2022/volitve-v-avtoritarnih-drzavah/">←Prejšnji dogodek</a></p>
<p>[/et_pb_text][/et_pb_column][et_pb_column type=&#8221;1_2&#8243; _builder_version=&#8221;4.14.8&#8243; _module_preset=&#8221;default&#8221; global_colors_info=&#8221;{}&#8221;][et_pb_text _builder_version=&#8221;4.14.8&#8243; _module_preset=&#8221;default&#8221; link_font=&#8221;bigjohn||||on|||#c02a69|&#8221; link_text_color=&#8221;#c02a69&#8243; link_font_size=&#8221;16px&#8221; global_colors_info=&#8221;{}&#8221;]</p>
<p style="text-align: right;"><a href="https://ljubljanapride.org/2022/kvirkoli/">Naslednji dogodek →</a></p>
<p>[/et_pb_text][/et_pb_column][/et_pb_row][et_pb_row _builder_version=&#8221;4.14.8&#8243; _module_preset=&#8221;default&#8221; global_colors_info=&#8221;{}&#8221;][et_pb_column type=&#8221;4_4&#8243; _builder_version=&#8221;4.14.8&#8243; _module_preset=&#8221;default&#8221; global_colors_info=&#8221;{}&#8221;][et_pb_image src=&#8221;https://ljubljanapride.org/2022/wp-content/uploads/2022/05/Ment_fb-event-scaled.jpg&#8221; title_text=&#8221;Ment_fb event&#8221; _builder_version=&#8221;4.14.8&#8243; _module_preset=&#8221;default&#8221; box_shadow_style=&#8221;preset1&#8243; global_colors_info=&#8221;{}&#8221;][/et_pb_image][/et_pb_column][/et_pb_row][et_pb_row _builder_version=&#8221;4.14.8&#8243; _module_preset=&#8221;default&#8221; global_colors_info=&#8221;{}&#8221;][et_pb_column type=&#8221;4_4&#8243; _builder_version=&#8221;4.14.8&#8243; _module_preset=&#8221;default&#8221; global_colors_info=&#8221;{}&#8221;][et_pb_text _builder_version=&#8221;4.14.8&#8243; _module_preset=&#8221;default&#8221; header_3_font=&#8221;bigjohn||||||||&#8221; border_width_bottom=&#8221;4px&#8221; border_color_bottom=&#8221;#c02a69&#8243; global_colors_info=&#8221;{}&#8221;]</p>
<h1 style="text-align: center;">MENT: YVES TUMOR</h1>
<h3 style="text-align: center;">Koncert</h3>
<p>[/et_pb_text][/et_pb_column][/et_pb_row][et_pb_row column_structure=&#8221;1_2,1_2&#8243; _builder_version=&#8221;4.14.8&#8243; _module_preset=&#8221;default&#8221; global_colors_info=&#8221;{}&#8221;][et_pb_column type=&#8221;1_2&#8243; _builder_version=&#8221;4.14.8&#8243; _module_preset=&#8221;default&#8221; global_colors_info=&#8221;{}&#8221;][et_pb_blurb title=&#8221;8. 6. 2022 ob 20:00–23:00&#8243; use_icon=&#8221;on&#8221; font_icon=&#8221;&#xf017;||fa||900&#8243; icon_color=&#8221;#c02a69&#8243; image_icon_width=&#8221;55px&#8221; _builder_version=&#8221;4.14.8&#8243; _module_preset=&#8221;default&#8221; header_font=&#8221;bigjohn||||||||&#8221; header_text_align=&#8221;center&#8221; global_colors_info=&#8221;{}&#8221;][/et_pb_blurb][/et_pb_column][et_pb_column type=&#8221;1_2&#8243; _builder_version=&#8221;4.14.8&#8243; _module_preset=&#8221;default&#8221; global_colors_info=&#8221;{}&#8221;][et_pb_blurb title=&#8221;Kino Šiška (Trg Prekomorskih brigad 3, Ljubljana)&#8221; use_icon=&#8221;on&#8221; font_icon=&#8221;&#xf3c5;||fa||900&#8243; icon_color=&#8221;#c02a69&#8243; image_icon_width=&#8221;55px&#8221; _builder_version=&#8221;4.14.8&#8243; _module_preset=&#8221;default&#8221; header_font=&#8221;bigjohn||||||||&#8221; header_text_align=&#8221;center&#8221; global_colors_info=&#8221;{}&#8221;][/et_pb_blurb][/et_pb_column][/et_pb_row][et_pb_row _builder_version=&#8221;4.14.8&#8243; _module_preset=&#8221;default&#8221; global_colors_info=&#8221;{}&#8221;][et_pb_column type=&#8221;4_4&#8243; _builder_version=&#8221;4.14.8&#8243; _module_preset=&#8221;default&#8221; global_colors_info=&#8221;{}&#8221;][et_pb_text _builder_version=&#8221;4.14.8&#8243; _module_preset=&#8221;default&#8221; text_font_size=&#8221;16px&#8221; hover_enabled=&#8221;0&#8243; global_colors_info=&#8221;{}&#8221; sticky_enabled=&#8221;0&#8243;]</p>
<p style="text-align: center;">V sodelovanju z MENT Ljubljana – Kino Šiška.</p>
<p style="text-align: justify;">Yves Tumor je kantavtor_ica in producent_ka, ki na neulovljiv, a organski načni spaja najrazličnejše žanre in glasbene izraze. Skozi prepletanje prvin klasičnega rocka, psihedelije in elektronske glasbe pod vprašaj nenehno postavlja definicijo sodobnega popa. Njen_egov eklektičen glasbeni izraz je podprt z vizualno reprezentacijo, ki očara in preseneča hkrati. Mističnost in izmuzljivost sta njeni_egovi naravni agregatni stanji, in čeprav strogo varuje svojo zasebnost, nas s svojo glasbo priteguje in popelje v čudovite svetove.</p>
<p style="text-align: justify;">Tumorjevi najodmevnejši singli Gospel For A New Century, Kerosene!, Noid, Licking An Orchid in Lifetime so poželi pohvale medijev, kot so New York Times, WSJ, Rolling Stone, Pitchfork, The FADER, NPR in drugi. Zadnja dva albuma Safe In The Hands of Love (2018) in Heaven To A Tortured Mind (2020), ki sta izšla pri cenjeni britanski založbi Warp, pa sta umetnico_ka uvrstila v sam vrh kritiško čislanih transžanrskih glasbenikov 21. stoletja.</p>
<p style="text-align: justify;">Pridružite se ekipi Festivala Parada ponosa na tem odličnem koncertu, ki zaganja festival MENT, in ne pozabite se oglasiti na naši stojnici. Se vidimo!</p>
<p>[/et_pb_text][/et_pb_column][/et_pb_row][/et_pb_section]</p>

<p>←Prejšnji dogodekNaslednji dogodek →MENT: YVES TUMOR KoncertV sodelovanju z MENT Ljubljana – Kino Šiška. Yves Tumor je kantavtor_ica in producent_ka, ki na neulovljiv, a organski načni spaja najrazličnejše žanre in [&hellip;]</p>

<!-- This site is optimized with the Yoast SEO plugin v20.3 - https://yoast.com/wordpress/plugins/seo/ -->
<title>Ment: Yves Tumor - Ljubljana Pride 2022</title>
<meta name="robots" content="index, follow, max-snippet:-1, max-image-preview:large, max-video-preview:-1" />
<link rel="canonical" href="https://ljubljanapride.org/2022/ment-yves-tumor/" />
<meta property="og:locale" content="sl_SI" />
<meta property="og:type" content="article" />
<meta property="og:title" content="Ment: Yves Tumor - Ljubljana Pride 2022" />
<meta property="og:description" content="←Prejšnji dogodekNaslednji dogodek →MENT: YVES TUMOR KoncertV sodelovanju z MENT Ljubljana – Kino Šiška. Yves Tumor je kantavtor_ica in producent_ka, ki na neulovljiv, a organski načni spaja najrazličnejše žanre in [&hellip;]" />
<meta property="og:url" content="https://ljubljanapride.org/2022/ment-yves-tumor/" />
<meta property="og:site_name" content="Ljubljana Pride 2022" />
<meta property="article:modified_time" content="2022-05-21T03:48:10+00:00" />
<meta property="og:image" content="https://ljubljanapride.org/2022/wp-content/uploads/2022/05/Ment_fb-event-scaled.jpg" />
	<meta property="og:image:width" content="2560" />
	<meta property="og:image:height" content="1340" />
	<meta property="og:image:type" content="image/jpeg" />
<meta name="twitter:card" content="summary_large_image" />
<script type="application/ld+json" class="yoast-schema-graph">{"@context":"https://schema.org","@graph":[{"@type":"WebPage","@id":"https://ljubljanapride.org/2022/ment-yves-tumor/","url":"https://ljubljanapride.org/2022/ment-yves-tumor/","name":"Ment: Yves Tumor - Ljubljana Pride 2022","isPartOf":{"@id":"https://ljubljanapride.org/2022/#website"},"datePublished":"2022-05-21T03:18:33+00:00","dateModified":"2022-05-21T03:48:10+00:00","breadcrumb":{"@id":"https://ljubljanapride.org/2022/ment-yves-tumor/#breadcrumb"},"inLanguage":"sl-SI","potentialAction":[{"@type":"ReadAction","target":["https://ljubljanapride.org/2022/ment-yves-tumor/"]}]},{"@type":"BreadcrumbList","@id":"https://ljubljanapride.org/2022/ment-yves-tumor/#breadcrumb","itemListElement":[{"@type":"ListItem","position":1,"name":"Home","item":"https://ljubljanapride.org/2022/"},{"@type":"ListItem","position":2,"name":"Ment: Yves Tumor"}]},{"@type":"WebSite","@id":"https://ljubljanapride.org/2022/#website","url":"https://ljubljanapride.org/2022/","name":"Ljubljana Pride 2022","description":"Čas je za mavrični glas","potentialAction":[{"@type":"SearchAction","target":{"@type":"EntryPoint","urlTemplate":"https://ljubljanapride.org/2022/?s={search_term_string}"},"query-input":"required name=search_term_string"}],"inLanguage":"sl-SI"}]}</script>
<!-- / Yoast SEO plugin. -->

←Prejšnji dogodekNaslednji dogodek →MENT: YVES TUMOR KoncertV sodelovanju z MENT Ljubljana – Kino Šiška. Yves Tumor je kantavtor_ica in producent_ka, ki na neulovljiv, a organski načni spaja najrazličnejše žanre in [&hellip;]

Čas je za mavrični glas
