{"id":4497,"date":"2019-05-20T21:25:32","date_gmt":"2019-05-20T19:25:32","guid":{"rendered":"http:\/\/www.ljubljanapride.org\/za-koordinatorke_ce-in-mentorice_je-prostovoljstva\/"},"modified":"2020-12-02T16:57:21","modified_gmt":"2020-12-02T14:57:21","slug":"for-volunteering-coordinators-and-mentors","status":"publish","type":"page","link":"https:\/\/ljubljanapride.org\/en\/for-volunteering-coordinators-and-mentors\/","title":{"rendered":"For Volunteering Coordinators and Mentors"},"content":{"rendered":"\n<div style=\"height:45px\" aria-hidden=\"true\" class=\"wp-block-spacer\"><\/div>\n\n\n\n<div class=\"wp-block-image\"><figure class=\"aligncenter is-resized\"><img loading=\"lazy\" decoding=\"async\" src=\"http:\/\/www.ljubljanapride.org\/wp-content\/uploads\/2019\/05\/LGBTIQ-prostovoljstvo-logo_belo-ozadje-01-01-1024x597.png\" alt=\"\" class=\"wp-image-2267\" width=\"353\" height=\"206\" srcset=\"https:\/\/ljubljanapride.org\/wp-content\/uploads\/2019\/05\/LGBTIQ-prostovoljstvo-logo_belo-ozadje-01-01-1024x597.png 1024w, https:\/\/ljubljanapride.org\/wp-content\/uploads\/2019\/05\/LGBTIQ-prostovoljstvo-logo_belo-ozadje-01-01-600x350.png 600w, https:\/\/ljubljanapride.org\/wp-content\/uploads\/2019\/05\/LGBTIQ-prostovoljstvo-logo_belo-ozadje-01-01-300x175.png 300w, https:\/\/ljubljanapride.org\/wp-content\/uploads\/2019\/05\/LGBTIQ-prostovoljstvo-logo_belo-ozadje-01-01-768x448.png 768w\" sizes=\"(max-width: 353px) 100vw, 353px\" \/><\/figure><\/div>\n\n\n\n<h2 class=\"wp-block-heading\"><strong>Za koordinatorke_ce in mentorice_je prostovoljstva<\/strong><\/h2>\n\n\n\n<p>Vas zanima kako podpreti mlado LGBTIQ+ osebo in v va\u0161i organizaciji vzpostaviti varnej\u0161i prostor?<\/p>\n\n\n\n<p>Zakaj je potrebno LGBTIQ+ prostovoljstvo in prostovoljstvo \u201cza vse\u201d ni dovolj?<\/p>\n\n\n\n<p>Bi \u017eeleli prejeti promocijska gradiva, ki k prostovoljstvu nagovarjajo predvsem LGBTIQ+ mlade?<\/p>\n\n\n\n<p>Mlade LGBTIQ+ osebe so podvr\u017eene ve\u010djemu tveganju za socialno izklju\u010denost. Ve\u010dina organizacij ni primerno opremljenih za delo z LGBTIQ+ mladimi, \u010deprav imajo med svojimi prostovoljkami_ci in uporabnicami_ki tudi LGBTIQ+ osebe. Na to ka\u017ee tudi informacija, da se LGBTIQ+ mladi v prostorih, kjer pre\u017eivljajo prosti \u010das (kot so npr. mladinski centri ali razli\u010dne aktivnosti za mlade), relativno redko razkrivajo (manj kot 40% jih je popolnoma razkritih). 14% jih poro\u010da, da se v tak\u0161nih prostorih v\u010dasih ali pogosto bojijo za svojo varnost. Ko k temu pri\u0161tejemo \u0161e visoke odstotke vrstni\u0161kega nasilja, diskriminacije in nesprejetosti pripadnic_kov LGBTIQ+ skupnosti, postane jasno, da mlade LGBTIQ+ osebe pri vklju\u010devanju v prostovoljstvo potrebujejo razumevanje in podporo.<\/p>\n\n\n\n<p>Pi\u0161ite nam na <a href=\"mailto:info@ljubljanapride.org\">info@ljubljanapride.org<\/a>. Dru\u0161tvo Parada ponosa izvaja delavnice po dogovoru. Delavnice izvajajo trenerke_ji bazena trenerk_jev dru\u0161tva. <\/p>\n\n\n\n<div class=\"wp-block-image\"><figure class=\"aligncenter\"><img loading=\"lazy\" decoding=\"async\" width=\"1024\" height=\"128\" src=\"http:\/\/www.ljubljanapride.org\/wp-content\/uploads\/2019\/05\/Logoti-MJU-Movit-ESE-2-1024x128.png\" alt=\"\" class=\"wp-image-2269\" srcset=\"https:\/\/ljubljanapride.org\/wp-content\/uploads\/2019\/05\/Logoti-MJU-Movit-ESE-2-1024x128.png 1024w, https:\/\/ljubljanapride.org\/wp-content\/uploads\/2019\/05\/Logoti-MJU-Movit-ESE-2-600x75.png 600w, https:\/\/ljubljanapride.org\/wp-content\/uploads\/2019\/05\/Logoti-MJU-Movit-ESE-2-300x38.png 300w, https:\/\/ljubljanapride.org\/wp-content\/uploads\/2019\/05\/Logoti-MJU-Movit-ESE-2-768x96.png 768w\" sizes=\"(max-width: 1024px) 100vw, 1024px\" \/><\/figure><\/div>\n","protected":false},"excerpt":{"rendered":"<p>Za koordinatorke_ce in mentorice_je prostovoljstva Vas zanima kako podpreti mlado LGBTIQ+ osebo in v va\u0161i organizaciji vzpostaviti varnej\u0161i prostor? Zakaj je potrebno LGBTIQ+ prostovoljstvo in prostovoljstvo \u201cza vse\u201d ni dovolj? [&hellip;]<\/p>\n","protected":false},"author":8,"featured_media":0,"parent":0,"menu_order":0,"comment_status":"closed","ping_status":"closed","template":"","meta":{"_et_pb_use_builder":"","_et_pb_old_content":"","_et_gb_content_width":"","footnotes":""},"class_list":["post-4497","page","type-page","status-publish","hentry"],"yoast_head":"<!-- This site is optimized with the Yoast SEO plugin v27.2 - https:\/\/yoast.com\/product\/yoast-seo-wordpress\/ -->\n<title>For Volunteering Coordinators and Mentors - Dru\u0161tvo Parada Ponosa<\/title>\n<meta name=\"robots\" content=\"index, follow, max-snippet:-1, max-image-preview:large, max-video-preview:-1\" \/>\n<link rel=\"canonical\" href=\"https:\/\/ljubljanapride.org\/en\/for-volunteering-coordinators-and-mentors\/\" \/>\n<meta property=\"og:locale\" content=\"en_US\" \/>\n<meta property=\"og:type\" content=\"article\" \/>\n<meta property=\"og:title\" content=\"For Volunteering Coordinators and Mentors - Dru\u0161tvo Parada Ponosa\" \/>\n<meta property=\"og:description\" content=\"Za koordinatorke_ce in mentorice_je prostovoljstva Vas zanima kako podpreti mlado LGBTIQ+ osebo in v va\u0161i organizaciji vzpostaviti varnej\u0161i prostor? Zakaj je potrebno LGBTIQ+ prostovoljstvo in prostovoljstvo \u201cza vse\u201d ni dovolj? [&hellip;]\" \/>\n<meta property=\"og:url\" content=\"https:\/\/ljubljanapride.org\/en\/for-volunteering-coordinators-and-mentors\/\" \/>\n<meta property=\"og:site_name\" content=\"Dru\u0161tvo Parada Ponosa\" \/>\n<meta property=\"article:publisher\" content=\"https:\/\/www.facebook.com\/LjubljanaPride\" \/>\n<meta property=\"article:modified_time\" content=\"2020-12-02T14:57:21+00:00\" \/>\n<meta property=\"og:image\" content=\"http:\/\/www.ljubljanapride.org\/wp-content\/uploads\/2019\/05\/LGBTIQ-prostovoljstvo-logo_belo-ozadje-01-01-1024x597.png\" \/>\n<meta name=\"twitter:card\" content=\"summary_large_image\" \/>\n<meta name=\"twitter:label1\" content=\"Est. reading time\" \/>\n\t<meta name=\"twitter:data1\" content=\"1 minute\" \/>\n<script type=\"application\/ld+json\" class=\"yoast-schema-graph\">{\"@context\":\"https:\/\/schema.org\",\"@graph\":[{\"@type\":\"WebPage\",\"@id\":\"https:\/\/ljubljanapride.org\/en\/for-volunteering-coordinators-and-mentors\/\",\"url\":\"https:\/\/ljubljanapride.org\/en\/for-volunteering-coordinators-and-mentors\/\",\"name\":\"For Volunteering Coordinators and Mentors - Dru\u0161tvo Parada Ponosa\",\"isPartOf\":{\"@id\":\"https:\/\/ljubljanapride.org\/en\/#website\"},\"primaryImageOfPage\":{\"@id\":\"https:\/\/ljubljanapride.org\/en\/for-volunteering-coordinators-and-mentors\/#primaryimage\"},\"image\":{\"@id\":\"https:\/\/ljubljanapride.org\/en\/for-volunteering-coordinators-and-mentors\/#primaryimage\"},\"thumbnailUrl\":\"http:\/\/www.ljubljanapride.org\/wp-content\/uploads\/2019\/05\/LGBTIQ-prostovoljstvo-logo_belo-ozadje-01-01-1024x597.png\",\"datePublished\":\"2019-05-20T19:25:32+00:00\",\"dateModified\":\"2020-12-02T14:57:21+00:00\",\"breadcrumb\":{\"@id\":\"https:\/\/ljubljanapride.org\/en\/for-volunteering-coordinators-and-mentors\/#breadcrumb\"},\"inLanguage\":\"en-US\",\"potentialAction\":[{\"@type\":\"ReadAction\",\"target\":[\"https:\/\/ljubljanapride.org\/en\/for-volunteering-coordinators-and-mentors\/\"]}]},{\"@type\":\"ImageObject\",\"inLanguage\":\"en-US\",\"@id\":\"https:\/\/ljubljanapride.org\/en\/for-volunteering-coordinators-and-mentors\/#primaryimage\",\"url\":\"http:\/\/www.ljubljanapride.org\/wp-content\/uploads\/2019\/05\/LGBTIQ-prostovoljstvo-logo_belo-ozadje-01-01-1024x597.png\",\"contentUrl\":\"http:\/\/www.ljubljanapride.org\/wp-content\/uploads\/2019\/05\/LGBTIQ-prostovoljstvo-logo_belo-ozadje-01-01-1024x597.png\"},{\"@type\":\"BreadcrumbList\",\"@id\":\"https:\/\/ljubljanapride.org\/en\/for-volunteering-coordinators-and-mentors\/#breadcrumb\",\"itemListElement\":[{\"@type\":\"ListItem\",\"position\":1,\"name\":\"Home\",\"item\":\"https:\/\/ljubljanapride.org\/en\/\"},{\"@type\":\"ListItem\",\"position\":2,\"name\":\"For Volunteering Coordinators and Mentors\"}]},{\"@type\":\"WebSite\",\"@id\":\"https:\/\/ljubljanapride.org\/en\/#website\",\"url\":\"https:\/\/ljubljanapride.org\/en\/\",\"name\":\"Dru\u0161tvo Parada Ponosa\",\"description\":\"Ljubljana Pride\",\"potentialAction\":[{\"@type\":\"SearchAction\",\"target\":{\"@type\":\"EntryPoint\",\"urlTemplate\":\"https:\/\/ljubljanapride.org\/en\/?s={search_term_string}\"},\"query-input\":{\"@type\":\"PropertyValueSpecification\",\"valueRequired\":true,\"valueName\":\"search_term_string\"}}],\"inLanguage\":\"en-US\"}]}<\/script>\n<!-- \/ Yoast SEO plugin. -->","yoast_head_json":{"title":"For Volunteering Coordinators and Mentors - Dru\u0161tvo Parada Ponosa","robots":{"index":"index","follow":"follow","max-snippet":"max-snippet:-1","max-image-preview":"max-image-preview:large","max-video-preview":"max-video-preview:-1"},"canonical":"https:\/\/ljubljanapride.org\/en\/for-volunteering-coordinators-and-mentors\/","og_locale":"en_US","og_type":"article","og_title":"For Volunteering Coordinators and Mentors - Dru\u0161tvo Parada Ponosa","og_description":"Za koordinatorke_ce in mentorice_je prostovoljstva Vas zanima kako podpreti mlado LGBTIQ+ osebo in v va\u0161i organizaciji vzpostaviti varnej\u0161i prostor? Zakaj je potrebno LGBTIQ+ prostovoljstvo in prostovoljstvo \u201cza vse\u201d ni dovolj? [&hellip;]","og_url":"https:\/\/ljubljanapride.org\/en\/for-volunteering-coordinators-and-mentors\/","og_site_name":"Dru\u0161tvo Parada Ponosa","article_publisher":"https:\/\/www.facebook.com\/LjubljanaPride","article_modified_time":"2020-12-02T14:57:21+00:00","og_image":[{"url":"http:\/\/www.ljubljanapride.org\/wp-content\/uploads\/2019\/05\/LGBTIQ-prostovoljstvo-logo_belo-ozadje-01-01-1024x597.png","type":"","width":"","height":""}],"twitter_card":"summary_large_image","twitter_misc":{"Est. reading time":"1 minute"},"schema":{"@context":"https:\/\/schema.org","@graph":[{"@type":"WebPage","@id":"https:\/\/ljubljanapride.org\/en\/for-volunteering-coordinators-and-mentors\/","url":"https:\/\/ljubljanapride.org\/en\/for-volunteering-coordinators-and-mentors\/","name":"For Volunteering Coordinators and Mentors - Dru\u0161tvo Parada Ponosa","isPartOf":{"@id":"https:\/\/ljubljanapride.org\/en\/#website"},"primaryImageOfPage":{"@id":"https:\/\/ljubljanapride.org\/en\/for-volunteering-coordinators-and-mentors\/#primaryimage"},"image":{"@id":"https:\/\/ljubljanapride.org\/en\/for-volunteering-coordinators-and-mentors\/#primaryimage"},"thumbnailUrl":"http:\/\/www.ljubljanapride.org\/wp-content\/uploads\/2019\/05\/LGBTIQ-prostovoljstvo-logo_belo-ozadje-01-01-1024x597.png","datePublished":"2019-05-20T19:25:32+00:00","dateModified":"2020-12-02T14:57:21+00:00","breadcrumb":{"@id":"https:\/\/ljubljanapride.org\/en\/for-volunteering-coordinators-and-mentors\/#breadcrumb"},"inLanguage":"en-US","potentialAction":[{"@type":"ReadAction","target":["https:\/\/ljubljanapride.org\/en\/for-volunteering-coordinators-and-mentors\/"]}]},{"@type":"ImageObject","inLanguage":"en-US","@id":"https:\/\/ljubljanapride.org\/en\/for-volunteering-coordinators-and-mentors\/#primaryimage","url":"http:\/\/www.ljubljanapride.org\/wp-content\/uploads\/2019\/05\/LGBTIQ-prostovoljstvo-logo_belo-ozadje-01-01-1024x597.png","contentUrl":"http:\/\/www.ljubljanapride.org\/wp-content\/uploads\/2019\/05\/LGBTIQ-prostovoljstvo-logo_belo-ozadje-01-01-1024x597.png"},{"@type":"BreadcrumbList","@id":"https:\/\/ljubljanapride.org\/en\/for-volunteering-coordinators-and-mentors\/#breadcrumb","itemListElement":[{"@type":"ListItem","position":1,"name":"Home","item":"https:\/\/ljubljanapride.org\/en\/"},{"@type":"ListItem","position":2,"name":"For Volunteering Coordinators and Mentors"}]},{"@type":"WebSite","@id":"https:\/\/ljubljanapride.org\/en\/#website","url":"https:\/\/ljubljanapride.org\/en\/","name":"Dru\u0161tvo Parada Ponosa","description":"Ljubljana Pride","potentialAction":[{"@type":"SearchAction","target":{"@type":"EntryPoint","urlTemplate":"https:\/\/ljubljanapride.org\/en\/?s={search_term_string}"},"query-input":{"@type":"PropertyValueSpecification","valueRequired":true,"valueName":"search_term_string"}}],"inLanguage":"en-US"}]}},"_links":{"self":[{"href":"https:\/\/ljubljanapride.org\/en\/wp-json\/wp\/v2\/pages\/4497","targetHints":{"allow":["GET"]}}],"collection":[{"href":"https:\/\/ljubljanapride.org\/en\/wp-json\/wp\/v2\/pages"}],"about":[{"href":"https:\/\/ljubljanapride.org\/en\/wp-json\/wp\/v2\/types\/page"}],"author":[{"embeddable":true,"href":"https:\/\/ljubljanapride.org\/en\/wp-json\/wp\/v2\/users\/8"}],"replies":[{"embeddable":true,"href":"https:\/\/ljubljanapride.org\/en\/wp-json\/wp\/v2\/comments?post=4497"}],"version-history":[{"count":0,"href":"https:\/\/ljubljanapride.org\/en\/wp-json\/wp\/v2\/pages\/4497\/revisions"}],"wp:attachment":[{"href":"https:\/\/ljubljanapride.org\/en\/wp-json\/wp\/v2\/media?parent=4497"}],"curies":[{"name":"wp","href":"https:\/\/api.w.org\/{rel}","templated":true}]}}

<div style="height:45px" aria-hidden="true" class="wp-block-spacer"></div>



<div class="wp-block-image"><figure class="aligncenter is-resized"><img loading="lazy" decoding="async" src="http://www.ljubljanapride.org/wp-content/uploads/2019/05/LGBTIQ-prostovoljstvo-logo_belo-ozadje-01-01-1024x597.png" alt="" class="wp-image-2267" width="353" height="206" srcset="https://ljubljanapride.org/wp-content/uploads/2019/05/LGBTIQ-prostovoljstvo-logo_belo-ozadje-01-01-1024x597.png 1024w, https://ljubljanapride.org/wp-content/uploads/2019/05/LGBTIQ-prostovoljstvo-logo_belo-ozadje-01-01-600x350.png 600w, https://ljubljanapride.org/wp-content/uploads/2019/05/LGBTIQ-prostovoljstvo-logo_belo-ozadje-01-01-300x175.png 300w, https://ljubljanapride.org/wp-content/uploads/2019/05/LGBTIQ-prostovoljstvo-logo_belo-ozadje-01-01-768x448.png 768w" sizes="(max-width: 353px) 100vw, 353px" /></figure></div>



<h2 class="wp-block-heading"><strong>Za koordinatorke_ce in mentorice_je prostovoljstva</strong></h2>



<p>Vas zanima kako podpreti mlado LGBTIQ+ osebo in v vaši organizaciji vzpostaviti varnejši prostor?</p>



<p>Zakaj je potrebno LGBTIQ+ prostovoljstvo in prostovoljstvo “za vse” ni dovolj?</p>



<p>Bi želeli prejeti promocijska gradiva, ki k prostovoljstvu nagovarjajo predvsem LGBTIQ+ mlade?</p>



<p>Mlade LGBTIQ+ osebe so podvržene večjemu tveganju za socialno izključenost. Večina organizacij ni primerno opremljenih za delo z LGBTIQ+ mladimi, čeprav imajo med svojimi prostovoljkami_ci in uporabnicami_ki tudi LGBTIQ+ osebe. Na to kaže tudi informacija, da se LGBTIQ+ mladi v prostorih, kjer preživljajo prosti čas (kot so npr. mladinski centri ali različne aktivnosti za mlade), relativno redko razkrivajo (manj kot 40% jih je popolnoma razkritih). 14% jih poroča, da se v takšnih prostorih včasih ali pogosto bojijo za svojo varnost. Ko k temu prištejemo še visoke odstotke vrstniškega nasilja, diskriminacije in nesprejetosti pripadnic_kov LGBTIQ+ skupnosti, postane jasno, da mlade LGBTIQ+ osebe pri vključevanju v prostovoljstvo potrebujejo razumevanje in podporo.</p>



<p>Pišite nam na <a href="mailto:info@ljubljanapride.org">info@ljubljanapride.org</a>. Društvo Parada ponosa izvaja delavnice po dogovoru. Delavnice izvajajo trenerke_ji bazena trenerk_jev društva. </p>



<div class="wp-block-image"><figure class="aligncenter"><img loading="lazy" decoding="async" width="1024" height="128" src="http://www.ljubljanapride.org/wp-content/uploads/2019/05/Logoti-MJU-Movit-ESE-2-1024x128.png" alt="" class="wp-image-2269" srcset="https://ljubljanapride.org/wp-content/uploads/2019/05/Logoti-MJU-Movit-ESE-2-1024x128.png 1024w, https://ljubljanapride.org/wp-content/uploads/2019/05/Logoti-MJU-Movit-ESE-2-600x75.png 600w, https://ljubljanapride.org/wp-content/uploads/2019/05/Logoti-MJU-Movit-ESE-2-300x38.png 300w, https://ljubljanapride.org/wp-content/uploads/2019/05/Logoti-MJU-Movit-ESE-2-768x96.png 768w" sizes="(max-width: 1024px) 100vw, 1024px" /></figure></div>

<p>Za koordinatorke_ce in mentorice_je prostovoljstva Vas zanima kako podpreti mlado LGBTIQ+ osebo in v vaši organizaciji vzpostaviti varnejši prostor? Zakaj je potrebno LGBTIQ+ prostovoljstvo in prostovoljstvo “za vse” ni dovolj? [&hellip;]</p>

<!-- This site is optimized with the Yoast SEO plugin v27.2 - https://yoast.com/product/yoast-seo-wordpress/ -->
<title>For Volunteering Coordinators and Mentors - Društvo Parada Ponosa</title>
<meta name="robots" content="index, follow, max-snippet:-1, max-image-preview:large, max-video-preview:-1" />
<link rel="canonical" href="https://ljubljanapride.org/en/for-volunteering-coordinators-and-mentors/" />
<meta property="og:locale" content="en_US" />
<meta property="og:type" content="article" />
<meta property="og:title" content="For Volunteering Coordinators and Mentors - Društvo Parada Ponosa" />
<meta property="og:description" content="Za koordinatorke_ce in mentorice_je prostovoljstva Vas zanima kako podpreti mlado LGBTIQ+ osebo in v vaši organizaciji vzpostaviti varnejši prostor? Zakaj je potrebno LGBTIQ+ prostovoljstvo in prostovoljstvo “za vse” ni dovolj? [&hellip;]" />
<meta property="og:url" content="https://ljubljanapride.org/en/for-volunteering-coordinators-and-mentors/" />
<meta property="og:site_name" content="Društvo Parada Ponosa" />
<meta property="article:publisher" content="https://www.facebook.com/LjubljanaPride" />
<meta property="article:modified_time" content="2020-12-02T14:57:21+00:00" />
<meta property="og:image" content="http://www.ljubljanapride.org/wp-content/uploads/2019/05/LGBTIQ-prostovoljstvo-logo_belo-ozadje-01-01-1024x597.png" />
<meta name="twitter:card" content="summary_large_image" />
<meta name="twitter:label1" content="Est. reading time" />
	<meta name="twitter:data1" content="1 minute" />
<script type="application/ld+json" class="yoast-schema-graph">{"@context":"https://schema.org","@graph":[{"@type":"WebPage","@id":"https://ljubljanapride.org/en/for-volunteering-coordinators-and-mentors/","url":"https://ljubljanapride.org/en/for-volunteering-coordinators-and-mentors/","name":"For Volunteering Coordinators and Mentors - Društvo Parada Ponosa","isPartOf":{"@id":"https://ljubljanapride.org/en/#website"},"primaryImageOfPage":{"@id":"https://ljubljanapride.org/en/for-volunteering-coordinators-and-mentors/#primaryimage"},"image":{"@id":"https://ljubljanapride.org/en/for-volunteering-coordinators-and-mentors/#primaryimage"},"thumbnailUrl":"http://www.ljubljanapride.org/wp-content/uploads/2019/05/LGBTIQ-prostovoljstvo-logo_belo-ozadje-01-01-1024x597.png","datePublished":"2019-05-20T19:25:32+00:00","dateModified":"2020-12-02T14:57:21+00:00","breadcrumb":{"@id":"https://ljubljanapride.org/en/for-volunteering-coordinators-and-mentors/#breadcrumb"},"inLanguage":"en-US","potentialAction":[{"@type":"ReadAction","target":["https://ljubljanapride.org/en/for-volunteering-coordinators-and-mentors/"]}]},{"@type":"ImageObject","inLanguage":"en-US","@id":"https://ljubljanapride.org/en/for-volunteering-coordinators-and-mentors/#primaryimage","url":"http://www.ljubljanapride.org/wp-content/uploads/2019/05/LGBTIQ-prostovoljstvo-logo_belo-ozadje-01-01-1024x597.png","contentUrl":"http://www.ljubljanapride.org/wp-content/uploads/2019/05/LGBTIQ-prostovoljstvo-logo_belo-ozadje-01-01-1024x597.png"},{"@type":"BreadcrumbList","@id":"https://ljubljanapride.org/en/for-volunteering-coordinators-and-mentors/#breadcrumb","itemListElement":[{"@type":"ListItem","position":1,"name":"Home","item":"https://ljubljanapride.org/en/"},{"@type":"ListItem","position":2,"name":"For Volunteering Coordinators and Mentors"}]},{"@type":"WebSite","@id":"https://ljubljanapride.org/en/#website","url":"https://ljubljanapride.org/en/","name":"Društvo Parada Ponosa","description":"Ljubljana Pride","potentialAction":[{"@type":"SearchAction","target":{"@type":"EntryPoint","urlTemplate":"https://ljubljanapride.org/en/?s={search_term_string}"},"query-input":{"@type":"PropertyValueSpecification","valueRequired":true,"valueName":"search_term_string"}}],"inLanguage":"en-US"}]}</script>
<!-- / Yoast SEO plugin. -->

For Volunteering Coordinators and Mentors - Društvo Parada Ponosa

Za koordinatorke_ce in mentorice_je prostovoljstva Vas zanima kako podpreti mlado LGBTIQ+ osebo in v vaši organizaciji vzpostaviti varnejši prostor? Zakaj je potrebno LGBTIQ+ prostovoljstvo in prostovoljstvo “za vse” ni dovolj? [&hellip;]

Društvo Parada Ponosa
