{"id":2488,"date":"2019-06-03T20:41:19","date_gmt":"2019-06-03T18:41:19","guid":{"rendered":"http:\/\/www.ljubljanapride.org\/?post_type=tribe_events&#038;p=2488"},"modified":"2019-06-13T13:16:26","modified_gmt":"2019-06-13T11:16:26","slug":"political-programme","status":"publish","type":"tribe_events","link":"https:\/\/ljubljanapride.org\/en\/event\/political-programme\/","title":{"rendered":"Political Programme"},"content":{"rendered":"<p align=\"justify\"><i>Volk za njenimi o\u010dmi<\/i> is a four woman band.<\/p>\n<p align=\"justify\">Eva Kokalj \u2013 lead vocals, rhythm guitar<br \/>\nMaja Pahor \u2013 bass, guitar, drums<br \/>\nTina Miro\u0161i\u010d \u2013 vocals, guitar, drums<br \/>\nPetra Hrovatin \u2013 bass, synth<\/p>\n<p align=\"justify\">This is punk.<br \/>\nThis is rap.<br \/>\nThis is poetry.<br \/>\nIt\u2019s a story, a thought, a melody.<br \/>\nIt\u2019s a change, a shout, melancholy.<br \/>\nIt\u2019s a rebellion, a new dimension.<\/p>\n<p align=\"justify\"><b>Raiven<\/b><\/p>\n<p align=\"justify\">Raiven performs her \u201csound dreams\u201d with a DJ set and a group of dancers.<\/p>\n<p align=\"justify\">Let her take you on a journey into a world of basses, synths, and a deeper side of electropop, accompanied by a musical narrative that will make you see lifelike images &#8211; just like in the most vivid of dreams.<\/p>\n<p align=\"justify\">She first became known to the greater public in 2014 when she released her song, Jadra, which she created in collaboration with Tadej Ko\u0161ir (Muff) and Jernej Kri\u017ei\u010d (Neomi, Zebra Dots), and the accompanying music video. In 2017, she released her debut album, <i>Magenta,<\/i> which featured the song <i>Povej<\/i> and the accompanying visual image. In 2018, the album received the zlata pi\u0161\u010dal expert award for special achievements in Slovenian popular music.<\/p>\n<p align=\"justify\">Her first performance at Ema took place in 2016, when she performed the song <i>\u010crno Bel<\/i> and finished second. The following year she finished third with the song <i>Za\u017earim<\/i>. Her third performance at Ema is represented by KAOS!<\/p>\n<p align=\"justify\"><b>Thunder Thighs<\/b><\/p>\n<p align=\"justify\">Dance performance by FaTsula<\/p>\n<p align=\"justify\">I was told I was too fat to dance. Now watch me smash body stereotypes!<\/p>\n","protected":false},"excerpt":{"rendered":"<p>Volk za njenimi o\u010dmi is a four woman band. Eva Kokalj \u2013 lead vocals, rhythm guitar Maja Pahor \u2013 bass, guitar, drums Tina Miro\u0161i\u010d \u2013 vocals, guitar, drums Petra Hrovatin [&hellip;]<\/p>\n","protected":false},"author":12,"featured_media":2497,"template":"","meta":{"_et_pb_use_builder":"","_et_pb_old_content":"","_et_gb_content_width":"","_tribe_events_status":"","_tribe_events_status_reason":"","footnotes":""},"tags":[],"tribe_events_cat":[],"class_list":["post-2488","tribe_events","type-tribe_events","status-publish","has-post-thumbnail","hentry"],"yoast_head":"<!-- This site is optimized with the Yoast SEO plugin v27.2 - https:\/\/yoast.com\/product\/yoast-seo-wordpress\/ -->\n<title>Political Programme - Dru\u0161tvo Parada Ponosa<\/title>\n<meta name=\"robots\" content=\"index, follow, max-snippet:-1, max-image-preview:large, max-video-preview:-1\" \/>\n<link rel=\"canonical\" href=\"https:\/\/ljubljanapride.org\/en\/event\/political-programme\/\" \/>\n<meta property=\"og:locale\" content=\"en_US\" \/>\n<meta property=\"og:type\" content=\"article\" \/>\n<meta property=\"og:title\" content=\"Political Programme - Dru\u0161tvo Parada Ponosa\" \/>\n<meta property=\"og:description\" content=\"Volk za njenimi o\u010dmi is a four woman band. Eva Kokalj \u2013 lead vocals, rhythm guitar Maja Pahor \u2013 bass, guitar, drums Tina Miro\u0161i\u010d \u2013 vocals, guitar, drums Petra Hrovatin [&hellip;]\" \/>\n<meta property=\"og:url\" content=\"https:\/\/ljubljanapride.org\/en\/event\/political-programme\/\" \/>\n<meta property=\"og:site_name\" content=\"Dru\u0161tvo Parada Ponosa\" \/>\n<meta property=\"article:publisher\" content=\"https:\/\/www.facebook.com\/LjubljanaPride\" \/>\n<meta property=\"article:modified_time\" content=\"2019-06-13T11:16:26+00:00\" \/>\n<meta property=\"og:image\" content=\"https:\/\/ljubljanapride.org\/wp-content\/uploads\/2019\/06\/22.6._Parada-ponosa-Medium.png\" \/>\n\t<meta property=\"og:image:width\" content=\"1366\" \/>\n\t<meta property=\"og:image:height\" content=\"768\" \/>\n\t<meta property=\"og:image:type\" content=\"image\/png\" \/>\n<meta name=\"twitter:card\" content=\"summary_large_image\" \/>\n<meta name=\"twitter:label1\" content=\"Est. reading time\" \/>\n\t<meta name=\"twitter:data1\" content=\"1 minute\" \/>\n<script type=\"application\/ld+json\" class=\"yoast-schema-graph\">{\"@context\":\"https:\/\/schema.org\",\"@graph\":[{\"@type\":\"WebPage\",\"@id\":\"https:\/\/ljubljanapride.org\/en\/event\/political-programme\/\",\"url\":\"https:\/\/ljubljanapride.org\/en\/event\/political-programme\/\",\"name\":\"Political Programme - Dru\u0161tvo Parada Ponosa\",\"isPartOf\":{\"@id\":\"https:\/\/ljubljanapride.org\/en\/#website\"},\"primaryImageOfPage\":{\"@id\":\"https:\/\/ljubljanapride.org\/en\/event\/political-programme\/#primaryimage\"},\"image\":{\"@id\":\"https:\/\/ljubljanapride.org\/en\/event\/political-programme\/#primaryimage\"},\"thumbnailUrl\":\"https:\/\/ljubljanapride.org\/wp-content\/uploads\/2019\/06\/22.6._Parada-ponosa-Medium.png\",\"datePublished\":\"2019-06-03T18:41:19+00:00\",\"dateModified\":\"2019-06-13T11:16:26+00:00\",\"breadcrumb\":{\"@id\":\"https:\/\/ljubljanapride.org\/en\/event\/political-programme\/#breadcrumb\"},\"inLanguage\":\"en-US\",\"potentialAction\":[{\"@type\":\"ReadAction\",\"target\":[\"https:\/\/ljubljanapride.org\/en\/event\/political-programme\/\"]}]},{\"@type\":\"ImageObject\",\"inLanguage\":\"en-US\",\"@id\":\"https:\/\/ljubljanapride.org\/en\/event\/political-programme\/#primaryimage\",\"url\":\"https:\/\/ljubljanapride.org\/wp-content\/uploads\/2019\/06\/22.6._Parada-ponosa-Medium.png\",\"contentUrl\":\"https:\/\/ljubljanapride.org\/wp-content\/uploads\/2019\/06\/22.6._Parada-ponosa-Medium.png\",\"width\":1366,\"height\":768},{\"@type\":\"BreadcrumbList\",\"@id\":\"https:\/\/ljubljanapride.org\/en\/event\/political-programme\/#breadcrumb\",\"itemListElement\":[{\"@type\":\"ListItem\",\"position\":1,\"name\":\"Home\",\"item\":\"https:\/\/ljubljanapride.org\/en\/\"},{\"@type\":\"ListItem\",\"position\":2,\"name\":\"Events\",\"item\":\"https:\/\/ljubljanapride.org\/en\/dogodki\/\"},{\"@type\":\"ListItem\",\"position\":3,\"name\":\"Political Programme\"}]},{\"@type\":\"WebSite\",\"@id\":\"https:\/\/ljubljanapride.org\/en\/#website\",\"url\":\"https:\/\/ljubljanapride.org\/en\/\",\"name\":\"Dru\u0161tvo Parada Ponosa\",\"description\":\"Ljubljana Pride\",\"potentialAction\":[{\"@type\":\"SearchAction\",\"target\":{\"@type\":\"EntryPoint\",\"urlTemplate\":\"https:\/\/ljubljanapride.org\/en\/?s={search_term_string}\"},\"query-input\":{\"@type\":\"PropertyValueSpecification\",\"valueRequired\":true,\"valueName\":\"search_term_string\"}}],\"inLanguage\":\"en-US\"}]}<\/script>\n<!-- \/ Yoast SEO plugin. -->","yoast_head_json":{"title":"Political Programme - Dru\u0161tvo Parada Ponosa","robots":{"index":"index","follow":"follow","max-snippet":"max-snippet:-1","max-image-preview":"max-image-preview:large","max-video-preview":"max-video-preview:-1"},"canonical":"https:\/\/ljubljanapride.org\/en\/event\/political-programme\/","og_locale":"en_US","og_type":"article","og_title":"Political Programme - Dru\u0161tvo Parada Ponosa","og_description":"Volk za njenimi o\u010dmi is a four woman band. Eva Kokalj \u2013 lead vocals, rhythm guitar Maja Pahor \u2013 bass, guitar, drums Tina Miro\u0161i\u010d \u2013 vocals, guitar, drums Petra Hrovatin [&hellip;]","og_url":"https:\/\/ljubljanapride.org\/en\/event\/political-programme\/","og_site_name":"Dru\u0161tvo Parada Ponosa","article_publisher":"https:\/\/www.facebook.com\/LjubljanaPride","article_modified_time":"2019-06-13T11:16:26+00:00","og_image":[{"width":1366,"height":768,"url":"https:\/\/ljubljanapride.org\/wp-content\/uploads\/2019\/06\/22.6._Parada-ponosa-Medium.png","type":"image\/png"}],"twitter_card":"summary_large_image","twitter_misc":{"Est. reading time":"1 minute"},"schema":{"@context":"https:\/\/schema.org","@graph":[{"@type":"WebPage","@id":"https:\/\/ljubljanapride.org\/en\/event\/political-programme\/","url":"https:\/\/ljubljanapride.org\/en\/event\/political-programme\/","name":"Political Programme - Dru\u0161tvo Parada Ponosa","isPartOf":{"@id":"https:\/\/ljubljanapride.org\/en\/#website"},"primaryImageOfPage":{"@id":"https:\/\/ljubljanapride.org\/en\/event\/political-programme\/#primaryimage"},"image":{"@id":"https:\/\/ljubljanapride.org\/en\/event\/political-programme\/#primaryimage"},"thumbnailUrl":"https:\/\/ljubljanapride.org\/wp-content\/uploads\/2019\/06\/22.6._Parada-ponosa-Medium.png","datePublished":"2019-06-03T18:41:19+00:00","dateModified":"2019-06-13T11:16:26+00:00","breadcrumb":{"@id":"https:\/\/ljubljanapride.org\/en\/event\/political-programme\/#breadcrumb"},"inLanguage":"en-US","potentialAction":[{"@type":"ReadAction","target":["https:\/\/ljubljanapride.org\/en\/event\/political-programme\/"]}]},{"@type":"ImageObject","inLanguage":"en-US","@id":"https:\/\/ljubljanapride.org\/en\/event\/political-programme\/#primaryimage","url":"https:\/\/ljubljanapride.org\/wp-content\/uploads\/2019\/06\/22.6._Parada-ponosa-Medium.png","contentUrl":"https:\/\/ljubljanapride.org\/wp-content\/uploads\/2019\/06\/22.6._Parada-ponosa-Medium.png","width":1366,"height":768},{"@type":"BreadcrumbList","@id":"https:\/\/ljubljanapride.org\/en\/event\/political-programme\/#breadcrumb","itemListElement":[{"@type":"ListItem","position":1,"name":"Home","item":"https:\/\/ljubljanapride.org\/en\/"},{"@type":"ListItem","position":2,"name":"Events","item":"https:\/\/ljubljanapride.org\/en\/dogodki\/"},{"@type":"ListItem","position":3,"name":"Political Programme"}]},{"@type":"WebSite","@id":"https:\/\/ljubljanapride.org\/en\/#website","url":"https:\/\/ljubljanapride.org\/en\/","name":"Dru\u0161tvo Parada Ponosa","description":"Ljubljana Pride","potentialAction":[{"@type":"SearchAction","target":{"@type":"EntryPoint","urlTemplate":"https:\/\/ljubljanapride.org\/en\/?s={search_term_string}"},"query-input":{"@type":"PropertyValueSpecification","valueRequired":true,"valueName":"search_term_string"}}],"inLanguage":"en-US"}]}},"_links":{"self":[{"href":"https:\/\/ljubljanapride.org\/en\/wp-json\/wp\/v2\/tribe_events\/2488","targetHints":{"allow":["GET"]}}],"collection":[{"href":"https:\/\/ljubljanapride.org\/en\/wp-json\/wp\/v2\/tribe_events"}],"about":[{"href":"https:\/\/ljubljanapride.org\/en\/wp-json\/wp\/v2\/types\/tribe_events"}],"author":[{"embeddable":true,"href":"https:\/\/ljubljanapride.org\/en\/wp-json\/wp\/v2\/users\/12"}],"version-history":[{"count":0,"href":"https:\/\/ljubljanapride.org\/en\/wp-json\/wp\/v2\/tribe_events\/2488\/revisions"}],"wp:featuredmedia":[{"embeddable":true,"href":"https:\/\/ljubljanapride.org\/en\/wp-json\/wp\/v2\/media\/2497"}],"wp:attachment":[{"href":"https:\/\/ljubljanapride.org\/en\/wp-json\/wp\/v2\/media?parent=2488"}],"wp:term":[{"taxonomy":"post_tag","embeddable":true,"href":"https:\/\/ljubljanapride.org\/en\/wp-json\/wp\/v2\/tags?post=2488"},{"taxonomy":"tribe_events_cat","embeddable":true,"href":"https:\/\/ljubljanapride.org\/en\/wp-json\/wp\/v2\/tribe_events_cat?post=2488"}],"curies":[{"name":"wp","href":"https:\/\/api.w.org\/{rel}","templated":true}]}}

<p align="justify"><i>Volk za njenimi očmi</i> is a four woman band.</p>
<p align="justify">Eva Kokalj – lead vocals, rhythm guitar<br />
Maja Pahor – bass, guitar, drums<br />
Tina Mirošič – vocals, guitar, drums<br />
Petra Hrovatin – bass, synth</p>
<p align="justify">This is punk.<br />
This is rap.<br />
This is poetry.<br />
It’s a story, a thought, a melody.<br />
It’s a change, a shout, melancholy.<br />
It’s a rebellion, a new dimension.</p>
<p align="justify"><b>Raiven</b></p>
<p align="justify">Raiven performs her “sound dreams” with a DJ set and a group of dancers.</p>
<p align="justify">Let her take you on a journey into a world of basses, synths, and a deeper side of electropop, accompanied by a musical narrative that will make you see lifelike images &#8211; just like in the most vivid of dreams.</p>
<p align="justify">She first became known to the greater public in 2014 when she released her song, Jadra, which she created in collaboration with Tadej Košir (Muff) and Jernej Križič (Neomi, Zebra Dots), and the accompanying music video. In 2017, she released her debut album, <i>Magenta,</i> which featured the song <i>Povej</i> and the accompanying visual image. In 2018, the album received the zlata piščal expert award for special achievements in Slovenian popular music.</p>
<p align="justify">Her first performance at Ema took place in 2016, when she performed the song <i>Črno Bel</i> and finished second. The following year she finished third with the song <i>Zažarim</i>. Her third performance at Ema is represented by KAOS!</p>
<p align="justify"><b>Thunder Thighs</b></p>
<p align="justify">Dance performance by FaTsula</p>
<p align="justify">I was told I was too fat to dance. Now watch me smash body stereotypes!</p>

<p>Volk za njenimi očmi is a four woman band. Eva Kokalj – lead vocals, rhythm guitar Maja Pahor – bass, guitar, drums Tina Mirošič – vocals, guitar, drums Petra Hrovatin [&hellip;]</p>

<!-- This site is optimized with the Yoast SEO plugin v27.2 - https://yoast.com/product/yoast-seo-wordpress/ -->
<title>Political Programme - Društvo Parada Ponosa</title>
<meta name="robots" content="index, follow, max-snippet:-1, max-image-preview:large, max-video-preview:-1" />
<link rel="canonical" href="https://ljubljanapride.org/en/event/political-programme/" />
<meta property="og:locale" content="en_US" />
<meta property="og:type" content="article" />
<meta property="og:title" content="Political Programme - Društvo Parada Ponosa" />
<meta property="og:description" content="Volk za njenimi očmi is a four woman band. Eva Kokalj – lead vocals, rhythm guitar Maja Pahor – bass, guitar, drums Tina Mirošič – vocals, guitar, drums Petra Hrovatin [&hellip;]" />
<meta property="og:url" content="https://ljubljanapride.org/en/event/political-programme/" />
<meta property="og:site_name" content="Društvo Parada Ponosa" />
<meta property="article:publisher" content="https://www.facebook.com/LjubljanaPride" />
<meta property="article:modified_time" content="2019-06-13T11:16:26+00:00" />
<meta property="og:image" content="https://ljubljanapride.org/wp-content/uploads/2019/06/22.6._Parada-ponosa-Medium.png" />
	<meta property="og:image:width" content="1366" />
	<meta property="og:image:height" content="768" />
	<meta property="og:image:type" content="image/png" />
<meta name="twitter:card" content="summary_large_image" />
<meta name="twitter:label1" content="Est. reading time" />
	<meta name="twitter:data1" content="1 minute" />
<script type="application/ld+json" class="yoast-schema-graph">{"@context":"https://schema.org","@graph":[{"@type":"WebPage","@id":"https://ljubljanapride.org/en/event/political-programme/","url":"https://ljubljanapride.org/en/event/political-programme/","name":"Political Programme - Društvo Parada Ponosa","isPartOf":{"@id":"https://ljubljanapride.org/en/#website"},"primaryImageOfPage":{"@id":"https://ljubljanapride.org/en/event/political-programme/#primaryimage"},"image":{"@id":"https://ljubljanapride.org/en/event/political-programme/#primaryimage"},"thumbnailUrl":"https://ljubljanapride.org/wp-content/uploads/2019/06/22.6._Parada-ponosa-Medium.png","datePublished":"2019-06-03T18:41:19+00:00","dateModified":"2019-06-13T11:16:26+00:00","breadcrumb":{"@id":"https://ljubljanapride.org/en/event/political-programme/#breadcrumb"},"inLanguage":"en-US","potentialAction":[{"@type":"ReadAction","target":["https://ljubljanapride.org/en/event/political-programme/"]}]},{"@type":"ImageObject","inLanguage":"en-US","@id":"https://ljubljanapride.org/en/event/political-programme/#primaryimage","url":"https://ljubljanapride.org/wp-content/uploads/2019/06/22.6._Parada-ponosa-Medium.png","contentUrl":"https://ljubljanapride.org/wp-content/uploads/2019/06/22.6._Parada-ponosa-Medium.png","width":1366,"height":768},{"@type":"BreadcrumbList","@id":"https://ljubljanapride.org/en/event/political-programme/#breadcrumb","itemListElement":[{"@type":"ListItem","position":1,"name":"Home","item":"https://ljubljanapride.org/en/"},{"@type":"ListItem","position":2,"name":"Events","item":"https://ljubljanapride.org/en/dogodki/"},{"@type":"ListItem","position":3,"name":"Political Programme"}]},{"@type":"WebSite","@id":"https://ljubljanapride.org/en/#website","url":"https://ljubljanapride.org/en/","name":"Društvo Parada Ponosa","description":"Ljubljana Pride","potentialAction":[{"@type":"SearchAction","target":{"@type":"EntryPoint","urlTemplate":"https://ljubljanapride.org/en/?s={search_term_string}"},"query-input":{"@type":"PropertyValueSpecification","valueRequired":true,"valueName":"search_term_string"}}],"inLanguage":"en-US"}]}</script>
<!-- / Yoast SEO plugin. -->

Political Programme - Društvo Parada Ponosa

Volk za njenimi očmi is a four woman band. Eva Kokalj – lead vocals, rhythm guitar Maja Pahor – bass, guitar, drums Tina Mirošič – vocals, guitar, drums Petra Hrovatin [&hellip;]

Društvo Parada Ponosa
