{"id":3103,"date":"2019-11-25T14:35:41","date_gmt":"2019-11-25T12:35:41","guid":{"rendered":"http:\/\/www.ljubljanapride.org\/?post_type=tribe_events&#038;p=3103"},"modified":"2019-11-25T14:35:41","modified_gmt":"2019-11-25T12:35:41","slug":"delavnica-zgrabimo-sovrazni-govor-za-roge-2","status":"publish","type":"tribe_events","link":"https:\/\/ljubljanapride.org\/en\/event\/delavnica-zgrabimo-sovrazni-govor-za-roge-2\/","title":{"rendered":"Delavnica: Zgrabimo sovra\u017eni govor za roge!"},"content":{"rendered":"<p>Brezpla\u010dna delavnica naslavljanja sovra\u017enega govora za vse, ki delajo z mladimi.<\/p>\n<p>Kultura sovra\u0161tva je zakoreninjena v vseh plasteh dru\u017ebe, \u0161olska in mladinska okolja niso izjema.<\/p>\n<p>Kot u\u010diteljice_i, mladinske_i delavke_ci, mladinske_i voditeljice_i, trenerke_ji, aktivistke_i in strokovnjakinje_i nimamo zgolj mo\u010di, ampak tudi odgovornost, da se odzovemo na sovra\u017eni govor med mladimi. Vse \u00bb\u0161ale\u00ab, komentarji, kjer \u00bbmladi zgolj ponavljajo, kar so sli\u0161ali doma\u00ab in\/ali ki \u00bbjih ne mislijo resno\u00ab utrjujejo dru\u017ebene neenakosti, ki izvirajo iz sistemov zatiranja.<\/p>\n<p>Neredko pa se na sovra\u0161tvo ne utegnemo odzvati, saj nas skrbi na\u010drtovan potek ure\/dejavnosti ali pa ne vemo, kako. Na delavnici se bomo posvetile_i izzivom prepoznavanja, naslavljanja in transformacije sovra\u017enega govora.<\/p>\n<p>Delile_i in raziskovale_i bomo strategije premagovanja sovra\u017enega govora z uporabo transformativnih praks katerih namen ni zgolj prepre\u010diti uporabe sovra\u017enega govora v dolo\u010denem okolju, ampak spro\u017eiti postopek transformacije z namenom preseganja sovra\u0161tva.<\/p>\n<p>Delavnica je namenjena vsem, ki delajo z mladimi.<\/p>\n<p>Program:<br \/>\n10:00 Uvod<br \/>\n10:30 Prvi del: Prepoznavanje sovra\u017enega govora<br \/>\n12:30 Drugi del: Reagiranje na sovra\u017eni govor<br \/>\n14:00 Odmor<br \/>\n15:00 Tretji del: Transformacija sovra\u017enega govora<br \/>\n16:30 Zaklju\u010dek<\/p>\n<p>Poskrbljeno bo za prigrizke.<\/p>\n<p>Na delavnico se prijavite preko <a href=\"https:\/\/forms.gle\/KTQ4CiCiKB6TLZnA8\">PRIJAVNICE TUKAJ<\/a><\/p>\n<p>Rok za prijave je do 29. 11. 2019 oz. do zapolnitve prostih mest.<\/p>\n<p>(Dogodek bo potekal v slovenskem jeziku)<\/p>\n<p>Delavnica se izvaja v sodelovanju s Pekarno Magdalenske mre\u017ee v prostorih Infopeke. Lokacija je dostopna gibalno oviranim osebam in nudi brezpla\u010dno parkiranje.<\/p>\n<p>Delavnica se izvaja v okviru programa Erasmus+ Mladi v Akciji ter je diseminacijska delavnica projekta Transformacija sovra\u017enega govora v mladinskem okolju.<\/p>\n","protected":false},"excerpt":{"rendered":"<p>Brezpla\u010dna delavnica naslavljanja sovra\u017enega govora za vse, ki delajo z mladimi. Kultura sovra\u0161tva je zakoreninjena v vseh plasteh dru\u017ebe, \u0161olska in mladinska okolja niso izjema. Kot u\u010diteljice_i, mladinske_i delavke_ci, mladinske_i [&hellip;]<\/p>\n","protected":false},"author":12,"featured_media":3104,"template":"","meta":{"_et_pb_use_builder":"","_et_pb_old_content":"","_et_gb_content_width":"","_tribe_events_status":"","_tribe_events_status_reason":"","footnotes":""},"tags":[],"tribe_events_cat":[],"class_list":["post-3103","tribe_events","type-tribe_events","status-publish","has-post-thumbnail","hentry"],"yoast_head":"<!-- This site is optimized with the Yoast SEO plugin v27.2 - https:\/\/yoast.com\/product\/yoast-seo-wordpress\/ -->\n<title>Delavnica: Zgrabimo sovra\u017eni govor za roge! - Dru\u0161tvo Parada Ponosa<\/title>\n<meta name=\"robots\" content=\"index, follow, max-snippet:-1, max-image-preview:large, max-video-preview:-1\" \/>\n<link rel=\"canonical\" href=\"https:\/\/ljubljanapride.org\/en\/event\/delavnica-zgrabimo-sovrazni-govor-za-roge-2\/\" \/>\n<meta property=\"og:locale\" content=\"en_US\" \/>\n<meta property=\"og:type\" content=\"article\" \/>\n<meta property=\"og:title\" content=\"Delavnica: Zgrabimo sovra\u017eni govor za roge! - Dru\u0161tvo Parada Ponosa\" \/>\n<meta property=\"og:description\" content=\"Brezpla\u010dna delavnica naslavljanja sovra\u017enega govora za vse, ki delajo z mladimi. Kultura sovra\u0161tva je zakoreninjena v vseh plasteh dru\u017ebe, \u0161olska in mladinska okolja niso izjema. Kot u\u010diteljice_i, mladinske_i delavke_ci, mladinske_i [&hellip;]\" \/>\n<meta property=\"og:url\" content=\"https:\/\/ljubljanapride.org\/en\/event\/delavnica-zgrabimo-sovrazni-govor-za-roge-2\/\" \/>\n<meta property=\"og:site_name\" content=\"Dru\u0161tvo Parada Ponosa\" \/>\n<meta property=\"article:publisher\" content=\"https:\/\/www.facebook.com\/LjubljanaPride\" \/>\n<meta property=\"og:image\" content=\"https:\/\/ljubljanapride.org\/wp-content\/uploads\/2019\/11\/3.12._Zgrabimo-sovraz\u030cni-govor-za-roge-scaled.jpg\" \/>\n\t<meta property=\"og:image:width\" content=\"2560\" \/>\n\t<meta property=\"og:image:height\" content=\"1440\" \/>\n\t<meta property=\"og:image:type\" content=\"image\/jpeg\" \/>\n<meta name=\"twitter:card\" content=\"summary_large_image\" \/>\n<meta name=\"twitter:label1\" content=\"Est. reading time\" \/>\n\t<meta name=\"twitter:data1\" content=\"1 minute\" \/>\n<script type=\"application\/ld+json\" class=\"yoast-schema-graph\">{\"@context\":\"https:\/\/schema.org\",\"@graph\":[{\"@type\":\"WebPage\",\"@id\":\"https:\/\/ljubljanapride.org\/en\/event\/delavnica-zgrabimo-sovrazni-govor-za-roge-2\/\",\"url\":\"https:\/\/ljubljanapride.org\/en\/event\/delavnica-zgrabimo-sovrazni-govor-za-roge-2\/\",\"name\":\"Delavnica: Zgrabimo sovra\u017eni govor za roge! - Dru\u0161tvo Parada Ponosa\",\"isPartOf\":{\"@id\":\"https:\/\/ljubljanapride.org\/en\/#website\"},\"primaryImageOfPage\":{\"@id\":\"https:\/\/ljubljanapride.org\/en\/event\/delavnica-zgrabimo-sovrazni-govor-za-roge-2\/#primaryimage\"},\"image\":{\"@id\":\"https:\/\/ljubljanapride.org\/en\/event\/delavnica-zgrabimo-sovrazni-govor-za-roge-2\/#primaryimage\"},\"thumbnailUrl\":\"https:\/\/ljubljanapride.org\/wp-content\/uploads\/2019\/11\/3.12._Zgrabimo-sovraz\u030cni-govor-za-roge-scaled.jpg\",\"datePublished\":\"2019-11-25T12:35:41+00:00\",\"breadcrumb\":{\"@id\":\"https:\/\/ljubljanapride.org\/en\/event\/delavnica-zgrabimo-sovrazni-govor-za-roge-2\/#breadcrumb\"},\"inLanguage\":\"en-US\",\"potentialAction\":[{\"@type\":\"ReadAction\",\"target\":[\"https:\/\/ljubljanapride.org\/en\/event\/delavnica-zgrabimo-sovrazni-govor-za-roge-2\/\"]}]},{\"@type\":\"ImageObject\",\"inLanguage\":\"en-US\",\"@id\":\"https:\/\/ljubljanapride.org\/en\/event\/delavnica-zgrabimo-sovrazni-govor-za-roge-2\/#primaryimage\",\"url\":\"https:\/\/ljubljanapride.org\/wp-content\/uploads\/2019\/11\/3.12._Zgrabimo-sovraz\u030cni-govor-za-roge-scaled.jpg\",\"contentUrl\":\"https:\/\/ljubljanapride.org\/wp-content\/uploads\/2019\/11\/3.12._Zgrabimo-sovraz\u030cni-govor-za-roge-scaled.jpg\",\"width\":2560,\"height\":1440},{\"@type\":\"BreadcrumbList\",\"@id\":\"https:\/\/ljubljanapride.org\/en\/event\/delavnica-zgrabimo-sovrazni-govor-za-roge-2\/#breadcrumb\",\"itemListElement\":[{\"@type\":\"ListItem\",\"position\":1,\"name\":\"Home\",\"item\":\"https:\/\/ljubljanapride.org\/en\/\"},{\"@type\":\"ListItem\",\"position\":2,\"name\":\"Events\",\"item\":\"https:\/\/ljubljanapride.org\/en\/dogodki\/\"},{\"@type\":\"ListItem\",\"position\":3,\"name\":\"Delavnica: Zgrabimo sovra\u017eni govor za roge!\"}]},{\"@type\":\"WebSite\",\"@id\":\"https:\/\/ljubljanapride.org\/en\/#website\",\"url\":\"https:\/\/ljubljanapride.org\/en\/\",\"name\":\"Dru\u0161tvo Parada Ponosa\",\"description\":\"Ljubljana Pride\",\"potentialAction\":[{\"@type\":\"SearchAction\",\"target\":{\"@type\":\"EntryPoint\",\"urlTemplate\":\"https:\/\/ljubljanapride.org\/en\/?s={search_term_string}\"},\"query-input\":{\"@type\":\"PropertyValueSpecification\",\"valueRequired\":true,\"valueName\":\"search_term_string\"}}],\"inLanguage\":\"en-US\"}]}<\/script>\n<!-- \/ Yoast SEO plugin. -->","yoast_head_json":{"title":"Delavnica: Zgrabimo sovra\u017eni govor za roge! - Dru\u0161tvo Parada Ponosa","robots":{"index":"index","follow":"follow","max-snippet":"max-snippet:-1","max-image-preview":"max-image-preview:large","max-video-preview":"max-video-preview:-1"},"canonical":"https:\/\/ljubljanapride.org\/en\/event\/delavnica-zgrabimo-sovrazni-govor-za-roge-2\/","og_locale":"en_US","og_type":"article","og_title":"Delavnica: Zgrabimo sovra\u017eni govor za roge! - Dru\u0161tvo Parada Ponosa","og_description":"Brezpla\u010dna delavnica naslavljanja sovra\u017enega govora za vse, ki delajo z mladimi. Kultura sovra\u0161tva je zakoreninjena v vseh plasteh dru\u017ebe, \u0161olska in mladinska okolja niso izjema. Kot u\u010diteljice_i, mladinske_i delavke_ci, mladinske_i [&hellip;]","og_url":"https:\/\/ljubljanapride.org\/en\/event\/delavnica-zgrabimo-sovrazni-govor-za-roge-2\/","og_site_name":"Dru\u0161tvo Parada Ponosa","article_publisher":"https:\/\/www.facebook.com\/LjubljanaPride","og_image":[{"width":2560,"height":1440,"url":"https:\/\/ljubljanapride.org\/wp-content\/uploads\/2019\/11\/3.12._Zgrabimo-sovraz\u030cni-govor-za-roge-scaled.jpg","type":"image\/jpeg"}],"twitter_card":"summary_large_image","twitter_misc":{"Est. reading time":"1 minute"},"schema":{"@context":"https:\/\/schema.org","@graph":[{"@type":"WebPage","@id":"https:\/\/ljubljanapride.org\/en\/event\/delavnica-zgrabimo-sovrazni-govor-za-roge-2\/","url":"https:\/\/ljubljanapride.org\/en\/event\/delavnica-zgrabimo-sovrazni-govor-za-roge-2\/","name":"Delavnica: Zgrabimo sovra\u017eni govor za roge! - Dru\u0161tvo Parada Ponosa","isPartOf":{"@id":"https:\/\/ljubljanapride.org\/en\/#website"},"primaryImageOfPage":{"@id":"https:\/\/ljubljanapride.org\/en\/event\/delavnica-zgrabimo-sovrazni-govor-za-roge-2\/#primaryimage"},"image":{"@id":"https:\/\/ljubljanapride.org\/en\/event\/delavnica-zgrabimo-sovrazni-govor-za-roge-2\/#primaryimage"},"thumbnailUrl":"https:\/\/ljubljanapride.org\/wp-content\/uploads\/2019\/11\/3.12._Zgrabimo-sovraz\u030cni-govor-za-roge-scaled.jpg","datePublished":"2019-11-25T12:35:41+00:00","breadcrumb":{"@id":"https:\/\/ljubljanapride.org\/en\/event\/delavnica-zgrabimo-sovrazni-govor-za-roge-2\/#breadcrumb"},"inLanguage":"en-US","potentialAction":[{"@type":"ReadAction","target":["https:\/\/ljubljanapride.org\/en\/event\/delavnica-zgrabimo-sovrazni-govor-za-roge-2\/"]}]},{"@type":"ImageObject","inLanguage":"en-US","@id":"https:\/\/ljubljanapride.org\/en\/event\/delavnica-zgrabimo-sovrazni-govor-za-roge-2\/#primaryimage","url":"https:\/\/ljubljanapride.org\/wp-content\/uploads\/2019\/11\/3.12._Zgrabimo-sovraz\u030cni-govor-za-roge-scaled.jpg","contentUrl":"https:\/\/ljubljanapride.org\/wp-content\/uploads\/2019\/11\/3.12._Zgrabimo-sovraz\u030cni-govor-za-roge-scaled.jpg","width":2560,"height":1440},{"@type":"BreadcrumbList","@id":"https:\/\/ljubljanapride.org\/en\/event\/delavnica-zgrabimo-sovrazni-govor-za-roge-2\/#breadcrumb","itemListElement":[{"@type":"ListItem","position":1,"name":"Home","item":"https:\/\/ljubljanapride.org\/en\/"},{"@type":"ListItem","position":2,"name":"Events","item":"https:\/\/ljubljanapride.org\/en\/dogodki\/"},{"@type":"ListItem","position":3,"name":"Delavnica: Zgrabimo sovra\u017eni govor za roge!"}]},{"@type":"WebSite","@id":"https:\/\/ljubljanapride.org\/en\/#website","url":"https:\/\/ljubljanapride.org\/en\/","name":"Dru\u0161tvo Parada Ponosa","description":"Ljubljana Pride","potentialAction":[{"@type":"SearchAction","target":{"@type":"EntryPoint","urlTemplate":"https:\/\/ljubljanapride.org\/en\/?s={search_term_string}"},"query-input":{"@type":"PropertyValueSpecification","valueRequired":true,"valueName":"search_term_string"}}],"inLanguage":"en-US"}]}},"_links":{"self":[{"href":"https:\/\/ljubljanapride.org\/en\/wp-json\/wp\/v2\/tribe_events\/3103","targetHints":{"allow":["GET"]}}],"collection":[{"href":"https:\/\/ljubljanapride.org\/en\/wp-json\/wp\/v2\/tribe_events"}],"about":[{"href":"https:\/\/ljubljanapride.org\/en\/wp-json\/wp\/v2\/types\/tribe_events"}],"author":[{"embeddable":true,"href":"https:\/\/ljubljanapride.org\/en\/wp-json\/wp\/v2\/users\/12"}],"version-history":[{"count":0,"href":"https:\/\/ljubljanapride.org\/en\/wp-json\/wp\/v2\/tribe_events\/3103\/revisions"}],"wp:featuredmedia":[{"embeddable":true,"href":"https:\/\/ljubljanapride.org\/en\/wp-json\/wp\/v2\/media\/3104"}],"wp:attachment":[{"href":"https:\/\/ljubljanapride.org\/en\/wp-json\/wp\/v2\/media?parent=3103"}],"wp:term":[{"taxonomy":"post_tag","embeddable":true,"href":"https:\/\/ljubljanapride.org\/en\/wp-json\/wp\/v2\/tags?post=3103"},{"taxonomy":"tribe_events_cat","embeddable":true,"href":"https:\/\/ljubljanapride.org\/en\/wp-json\/wp\/v2\/tribe_events_cat?post=3103"}],"curies":[{"name":"wp","href":"https:\/\/api.w.org\/{rel}","templated":true}]}}

Delavnica: Zgrabimo sovražni govor za roge!

<p>Brezplačna delavnica naslavljanja sovražnega govora za vse, ki delajo z mladimi.</p>
<p>Kultura sovraštva je zakoreninjena v vseh plasteh družbe, šolska in mladinska okolja niso izjema.</p>
<p>Kot učiteljice_i, mladinske_i delavke_ci, mladinske_i voditeljice_i, trenerke_ji, aktivistke_i in strokovnjakinje_i nimamo zgolj moči, ampak tudi odgovornost, da se odzovemo na sovražni govor med mladimi. Vse »šale«, komentarji, kjer »mladi zgolj ponavljajo, kar so slišali doma« in/ali ki »jih ne mislijo resno« utrjujejo družbene neenakosti, ki izvirajo iz sistemov zatiranja.</p>
<p>Neredko pa se na sovraštvo ne utegnemo odzvati, saj nas skrbi načrtovan potek ure/dejavnosti ali pa ne vemo, kako. Na delavnici se bomo posvetile_i izzivom prepoznavanja, naslavljanja in transformacije sovražnega govora.</p>
<p>Delile_i in raziskovale_i bomo strategije premagovanja sovražnega govora z uporabo transformativnih praks katerih namen ni zgolj preprečiti uporabe sovražnega govora v določenem okolju, ampak sprožiti postopek transformacije z namenom preseganja sovraštva.</p>
<p>Delavnica je namenjena vsem, ki delajo z mladimi.</p>
<p>Program:<br />
10:00 Uvod<br />
10:30 Prvi del: Prepoznavanje sovražnega govora<br />
12:30 Drugi del: Reagiranje na sovražni govor<br />
14:00 Odmor<br />
15:00 Tretji del: Transformacija sovražnega govora<br />
16:30 Zaključek</p>
<p>Poskrbljeno bo za prigrizke.</p>
<p>Na delavnico se prijavite preko <a href="https://forms.gle/KTQ4CiCiKB6TLZnA8">PRIJAVNICE TUKAJ</a></p>
<p>Rok za prijave je do 29. 11. 2019 oz. do zapolnitve prostih mest.</p>
<p>(Dogodek bo potekal v slovenskem jeziku)</p>
<p>Delavnica se izvaja v sodelovanju s Pekarno Magdalenske mreže v prostorih Infopeke. Lokacija je dostopna gibalno oviranim osebam in nudi brezplačno parkiranje.</p>
<p>Delavnica se izvaja v okviru programa Erasmus+ Mladi v Akciji ter je diseminacijska delavnica projekta Transformacija sovražnega govora v mladinskem okolju.</p>

<p>Brezplačna delavnica naslavljanja sovražnega govora za vse, ki delajo z mladimi. Kultura sovraštva je zakoreninjena v vseh plasteh družbe, šolska in mladinska okolja niso izjema. Kot učiteljice_i, mladinske_i delavke_ci, mladinske_i [&hellip;]</p>

<!-- This site is optimized with the Yoast SEO plugin v27.2 - https://yoast.com/product/yoast-seo-wordpress/ -->
<title>Delavnica: Zgrabimo sovražni govor za roge! - Društvo Parada Ponosa</title>
<meta name="robots" content="index, follow, max-snippet:-1, max-image-preview:large, max-video-preview:-1" />
<link rel="canonical" href="https://ljubljanapride.org/en/event/delavnica-zgrabimo-sovrazni-govor-za-roge-2/" />
<meta property="og:locale" content="en_US" />
<meta property="og:type" content="article" />
<meta property="og:title" content="Delavnica: Zgrabimo sovražni govor za roge! - Društvo Parada Ponosa" />
<meta property="og:description" content="Brezplačna delavnica naslavljanja sovražnega govora za vse, ki delajo z mladimi. Kultura sovraštva je zakoreninjena v vseh plasteh družbe, šolska in mladinska okolja niso izjema. Kot učiteljice_i, mladinske_i delavke_ci, mladinske_i [&hellip;]" />
<meta property="og:url" content="https://ljubljanapride.org/en/event/delavnica-zgrabimo-sovrazni-govor-za-roge-2/" />
<meta property="og:site_name" content="Društvo Parada Ponosa" />
<meta property="article:publisher" content="https://www.facebook.com/LjubljanaPride" />
<meta property="og:image" content="https://ljubljanapride.org/wp-content/uploads/2019/11/3.12._Zgrabimo-sovražni-govor-za-roge-scaled.jpg" />
	<meta property="og:image:width" content="2560" />
	<meta property="og:image:height" content="1440" />
	<meta property="og:image:type" content="image/jpeg" />
<meta name="twitter:card" content="summary_large_image" />
<meta name="twitter:label1" content="Est. reading time" />
	<meta name="twitter:data1" content="1 minute" />
<script type="application/ld+json" class="yoast-schema-graph">{"@context":"https://schema.org","@graph":[{"@type":"WebPage","@id":"https://ljubljanapride.org/en/event/delavnica-zgrabimo-sovrazni-govor-za-roge-2/","url":"https://ljubljanapride.org/en/event/delavnica-zgrabimo-sovrazni-govor-za-roge-2/","name":"Delavnica: Zgrabimo sovražni govor za roge! - Društvo Parada Ponosa","isPartOf":{"@id":"https://ljubljanapride.org/en/#website"},"primaryImageOfPage":{"@id":"https://ljubljanapride.org/en/event/delavnica-zgrabimo-sovrazni-govor-za-roge-2/#primaryimage"},"image":{"@id":"https://ljubljanapride.org/en/event/delavnica-zgrabimo-sovrazni-govor-za-roge-2/#primaryimage"},"thumbnailUrl":"https://ljubljanapride.org/wp-content/uploads/2019/11/3.12._Zgrabimo-sovražni-govor-za-roge-scaled.jpg","datePublished":"2019-11-25T12:35:41+00:00","breadcrumb":{"@id":"https://ljubljanapride.org/en/event/delavnica-zgrabimo-sovrazni-govor-za-roge-2/#breadcrumb"},"inLanguage":"en-US","potentialAction":[{"@type":"ReadAction","target":["https://ljubljanapride.org/en/event/delavnica-zgrabimo-sovrazni-govor-za-roge-2/"]}]},{"@type":"ImageObject","inLanguage":"en-US","@id":"https://ljubljanapride.org/en/event/delavnica-zgrabimo-sovrazni-govor-za-roge-2/#primaryimage","url":"https://ljubljanapride.org/wp-content/uploads/2019/11/3.12._Zgrabimo-sovražni-govor-za-roge-scaled.jpg","contentUrl":"https://ljubljanapride.org/wp-content/uploads/2019/11/3.12._Zgrabimo-sovražni-govor-za-roge-scaled.jpg","width":2560,"height":1440},{"@type":"BreadcrumbList","@id":"https://ljubljanapride.org/en/event/delavnica-zgrabimo-sovrazni-govor-za-roge-2/#breadcrumb","itemListElement":[{"@type":"ListItem","position":1,"name":"Home","item":"https://ljubljanapride.org/en/"},{"@type":"ListItem","position":2,"name":"Events","item":"https://ljubljanapride.org/en/dogodki/"},{"@type":"ListItem","position":3,"name":"Delavnica: Zgrabimo sovražni govor za roge!"}]},{"@type":"WebSite","@id":"https://ljubljanapride.org/en/#website","url":"https://ljubljanapride.org/en/","name":"Društvo Parada Ponosa","description":"Ljubljana Pride","potentialAction":[{"@type":"SearchAction","target":{"@type":"EntryPoint","urlTemplate":"https://ljubljanapride.org/en/?s={search_term_string}"},"query-input":{"@type":"PropertyValueSpecification","valueRequired":true,"valueName":"search_term_string"}}],"inLanguage":"en-US"}]}</script>
<!-- / Yoast SEO plugin. -->

Delavnica: Zgrabimo sovražni govor za roge! - Društvo Parada Ponosa

Brezplačna delavnica naslavljanja sovražnega govora za vse, ki delajo z mladimi. Kultura sovraštva je zakoreninjena v vseh plasteh družbe, šolska in mladinska okolja niso izjema. Kot učiteljice_i, mladinske_i delavke_ci, mladinske_i [&hellip;]

Društvo Parada Ponosa
