{"id":3757,"date":"2020-07-09T13:04:47","date_gmt":"2020-07-09T11:04:47","guid":{"rendered":"http:\/\/www.ljubljanapride.org\/event\/iscemo-prostovoljko_ca-avgust-december-2020\/"},"modified":"2020-07-09T13:08:25","modified_gmt":"2020-07-09T11:08:25","slug":"iscemo-prostovoljko_ca-avgust-december-2020","status":"publish","type":"tribe_events","link":"https:\/\/ljubljanapride.org\/en\/event\/iscemo-prostovoljko_ca-avgust-december-2020\/","title":{"rendered":"I\u0161\u010demo prostovoljko_ca \/\/ avgust &#8211; december 2020"},"content":{"rendered":"<p>PROSTOVOLJI NA PARADI<br \/>\nDolgoro\u010dni projekt ESE (Evropska solidarnostna enota)<\/p>\n<p>&nbsp;<\/p>\n<p>TRAJANJE: 1. avgust &#8211; 31. december 2020<br \/>\nLOKACIJA: Ljubljana (Slovenija)<\/p>\n<p>&nbsp;<\/p>\n<p>NAMENJENO:<br \/>\nLGBTIQ+ osebam (18-30 let) z mo\u010dnim zanimanjem za LGBTIQ+ organizacije, teme in politike.<\/p>\n<p>&nbsp;<\/p>\n<p>O VAS:<br \/>\n&#8211; Teko\u010de govori\u0161 angle\u0161ki jezik<br \/>\n&#8211; U\u017eiva\u0161 v delu v skupini<br \/>\n&#8211; Se ne boji\u0161 stopiti iz obmo\u010dja svojega udobja<br \/>\n&#8211; Ima\u0161 delovne izku\u0161nje, tudi s prostovoljstvom<br \/>\n&#8211; Ti je udobno delati v pisarni<\/p>\n<p>&nbsp;<\/p>\n<p>KOMPETENCE, KI JIH BO PRIDOBIL_A UDELE\u017dENKA_EC:<br \/>\n&#8211; Skupinsko delo<br \/>\n&#8211; Delo v ve\u010dkulturnem okolju<br \/>\n&#8211; Komunikacijske, tehni\u010dne in logisti\u010dne kompetence<br \/>\n&#8211; Znanje o vodenju projektov (npr. kako organizirati manj\u0161i enodnevni dogodek, kot je razstava ali zabava)<\/p>\n<p>&nbsp;<\/p>\n<p>PROJEKT VKLJU\u010cUJE:<br \/>\n&#8211; Kritje nastanitve in stro\u0161kov potovanja do in iz Ljubljane<br \/>\n&#8211; Kritje stro\u0161kov prehrane in \u017eepnine<br \/>\n&#8211; Mentorstvo in certifikat Youthpass<\/p>\n<h4>KAKO SE PRIJAVITI:<br \/>\nPo\u0161lji svoj CV in motivacijsko pismo in nam povej, zakaj bi rad_a postal_a prostovoljka_ec pri Dru\u0161tvu Parada ponosa.<\/h4>\n<p>Kontakt: evs@ljubljanapride.org ali info@ljubljanapride.org<\/p>\n<h4>Prijave so odprte do 15. julija 2020.<\/h4>\n","protected":false},"excerpt":{"rendered":"<p>PROSTOVOLJI NA PARADI Dolgoro\u010dni projekt ESE (Evropska solidarnostna enota) &nbsp; TRAJANJE: 1. avgust &#8211; 31. december 2020 LOKACIJA: Ljubljana (Slovenija) &nbsp; NAMENJENO: LGBTIQ+ osebam (18-30 let) z mo\u010dnim zanimanjem za [&hellip;]<\/p>\n","protected":false},"author":12,"featured_media":3753,"template":"","meta":{"_et_pb_use_builder":"","_et_pb_old_content":"","_et_gb_content_width":"","_tribe_events_status":"","_tribe_events_status_reason":"","footnotes":""},"tags":[],"tribe_events_cat":[],"class_list":["post-3757","tribe_events","type-tribe_events","status-publish","has-post-thumbnail","hentry"],"yoast_head":"<!-- This site is optimized with the Yoast SEO plugin v27.2 - https:\/\/yoast.com\/product\/yoast-seo-wordpress\/ -->\n<title>I\u0161\u010demo prostovoljko_ca \/\/ avgust - december 2020 - Dru\u0161tvo Parada Ponosa<\/title>\n<meta name=\"robots\" content=\"index, follow, max-snippet:-1, max-image-preview:large, max-video-preview:-1\" \/>\n<link rel=\"canonical\" href=\"https:\/\/ljubljanapride.org\/en\/event\/iscemo-prostovoljko_ca-avgust-december-2020\/\" \/>\n<meta property=\"og:locale\" content=\"en_US\" \/>\n<meta property=\"og:type\" content=\"article\" \/>\n<meta property=\"og:title\" content=\"I\u0161\u010demo prostovoljko_ca \/\/ avgust - december 2020 - Dru\u0161tvo Parada Ponosa\" \/>\n<meta property=\"og:description\" content=\"PROSTOVOLJI NA PARADI Dolgoro\u010dni projekt ESE (Evropska solidarnostna enota) &nbsp; TRAJANJE: 1. avgust &#8211; 31. december 2020 LOKACIJA: Ljubljana (Slovenija) &nbsp; NAMENJENO: LGBTIQ+ osebam (18-30 let) z mo\u010dnim zanimanjem za [&hellip;]\" \/>\n<meta property=\"og:url\" content=\"https:\/\/ljubljanapride.org\/en\/event\/iscemo-prostovoljko_ca-avgust-december-2020\/\" \/>\n<meta property=\"og:site_name\" content=\"Dru\u0161tvo Parada Ponosa\" \/>\n<meta property=\"article:publisher\" content=\"https:\/\/www.facebook.com\/LjubljanaPride\" \/>\n<meta property=\"article:modified_time\" content=\"2020-07-09T11:08:25+00:00\" \/>\n<meta property=\"og:image\" content=\"https:\/\/ljubljanapride.org\/wp-content\/uploads\/2020\/07\/Dolgoroc\u030cno-prostovoljstvo-2020_fb-cover.jpg\" \/>\n\t<meta property=\"og:image:width\" content=\"2560\" \/>\n\t<meta property=\"og:image:height\" content=\"1124\" \/>\n\t<meta property=\"og:image:type\" content=\"image\/jpeg\" \/>\n<meta name=\"twitter:card\" content=\"summary_large_image\" \/>\n<meta name=\"twitter:label1\" content=\"Est. reading time\" \/>\n\t<meta name=\"twitter:data1\" content=\"1 minute\" \/>\n<script type=\"application\/ld+json\" class=\"yoast-schema-graph\">{\"@context\":\"https:\/\/schema.org\",\"@graph\":[{\"@type\":\"WebPage\",\"@id\":\"https:\/\/ljubljanapride.org\/en\/event\/iscemo-prostovoljko_ca-avgust-december-2020\/\",\"url\":\"https:\/\/ljubljanapride.org\/en\/event\/iscemo-prostovoljko_ca-avgust-december-2020\/\",\"name\":\"I\u0161\u010demo prostovoljko_ca \/\/ avgust - december 2020 - Dru\u0161tvo Parada Ponosa\",\"isPartOf\":{\"@id\":\"https:\/\/ljubljanapride.org\/en\/#website\"},\"primaryImageOfPage\":{\"@id\":\"https:\/\/ljubljanapride.org\/en\/event\/iscemo-prostovoljko_ca-avgust-december-2020\/#primaryimage\"},\"image\":{\"@id\":\"https:\/\/ljubljanapride.org\/en\/event\/iscemo-prostovoljko_ca-avgust-december-2020\/#primaryimage\"},\"thumbnailUrl\":\"https:\/\/ljubljanapride.org\/wp-content\/uploads\/2020\/07\/Dolgoroc\u030cno-prostovoljstvo-2020_fb-cover.jpg\",\"datePublished\":\"2020-07-09T11:04:47+00:00\",\"dateModified\":\"2020-07-09T11:08:25+00:00\",\"breadcrumb\":{\"@id\":\"https:\/\/ljubljanapride.org\/en\/event\/iscemo-prostovoljko_ca-avgust-december-2020\/#breadcrumb\"},\"inLanguage\":\"en-US\",\"potentialAction\":[{\"@type\":\"ReadAction\",\"target\":[\"https:\/\/ljubljanapride.org\/en\/event\/iscemo-prostovoljko_ca-avgust-december-2020\/\"]}]},{\"@type\":\"ImageObject\",\"inLanguage\":\"en-US\",\"@id\":\"https:\/\/ljubljanapride.org\/en\/event\/iscemo-prostovoljko_ca-avgust-december-2020\/#primaryimage\",\"url\":\"https:\/\/ljubljanapride.org\/wp-content\/uploads\/2020\/07\/Dolgoroc\u030cno-prostovoljstvo-2020_fb-cover.jpg\",\"contentUrl\":\"https:\/\/ljubljanapride.org\/wp-content\/uploads\/2020\/07\/Dolgoroc\u030cno-prostovoljstvo-2020_fb-cover.jpg\",\"width\":2560,\"height\":1124},{\"@type\":\"BreadcrumbList\",\"@id\":\"https:\/\/ljubljanapride.org\/en\/event\/iscemo-prostovoljko_ca-avgust-december-2020\/#breadcrumb\",\"itemListElement\":[{\"@type\":\"ListItem\",\"position\":1,\"name\":\"Home\",\"item\":\"https:\/\/ljubljanapride.org\/en\/\"},{\"@type\":\"ListItem\",\"position\":2,\"name\":\"Events\",\"item\":\"https:\/\/ljubljanapride.org\/en\/dogodki\/\"},{\"@type\":\"ListItem\",\"position\":3,\"name\":\"I\u0161\u010demo prostovoljko_ca \/\/ avgust &#8211; december 2020\"}]},{\"@type\":\"WebSite\",\"@id\":\"https:\/\/ljubljanapride.org\/en\/#website\",\"url\":\"https:\/\/ljubljanapride.org\/en\/\",\"name\":\"Dru\u0161tvo Parada Ponosa\",\"description\":\"Ljubljana Pride\",\"potentialAction\":[{\"@type\":\"SearchAction\",\"target\":{\"@type\":\"EntryPoint\",\"urlTemplate\":\"https:\/\/ljubljanapride.org\/en\/?s={search_term_string}\"},\"query-input\":{\"@type\":\"PropertyValueSpecification\",\"valueRequired\":true,\"valueName\":\"search_term_string\"}}],\"inLanguage\":\"en-US\"}]}<\/script>\n<!-- \/ Yoast SEO plugin. -->","yoast_head_json":{"title":"I\u0161\u010demo prostovoljko_ca \/\/ avgust - december 2020 - Dru\u0161tvo Parada Ponosa","robots":{"index":"index","follow":"follow","max-snippet":"max-snippet:-1","max-image-preview":"max-image-preview:large","max-video-preview":"max-video-preview:-1"},"canonical":"https:\/\/ljubljanapride.org\/en\/event\/iscemo-prostovoljko_ca-avgust-december-2020\/","og_locale":"en_US","og_type":"article","og_title":"I\u0161\u010demo prostovoljko_ca \/\/ avgust - december 2020 - Dru\u0161tvo Parada Ponosa","og_description":"PROSTOVOLJI NA PARADI Dolgoro\u010dni projekt ESE (Evropska solidarnostna enota) &nbsp; TRAJANJE: 1. avgust &#8211; 31. december 2020 LOKACIJA: Ljubljana (Slovenija) &nbsp; NAMENJENO: LGBTIQ+ osebam (18-30 let) z mo\u010dnim zanimanjem za [&hellip;]","og_url":"https:\/\/ljubljanapride.org\/en\/event\/iscemo-prostovoljko_ca-avgust-december-2020\/","og_site_name":"Dru\u0161tvo Parada Ponosa","article_publisher":"https:\/\/www.facebook.com\/LjubljanaPride","article_modified_time":"2020-07-09T11:08:25+00:00","og_image":[{"width":2560,"height":1124,"url":"https:\/\/ljubljanapride.org\/wp-content\/uploads\/2020\/07\/Dolgoroc\u030cno-prostovoljstvo-2020_fb-cover.jpg","type":"image\/jpeg"}],"twitter_card":"summary_large_image","twitter_misc":{"Est. reading time":"1 minute"},"schema":{"@context":"https:\/\/schema.org","@graph":[{"@type":"WebPage","@id":"https:\/\/ljubljanapride.org\/en\/event\/iscemo-prostovoljko_ca-avgust-december-2020\/","url":"https:\/\/ljubljanapride.org\/en\/event\/iscemo-prostovoljko_ca-avgust-december-2020\/","name":"I\u0161\u010demo prostovoljko_ca \/\/ avgust - december 2020 - Dru\u0161tvo Parada Ponosa","isPartOf":{"@id":"https:\/\/ljubljanapride.org\/en\/#website"},"primaryImageOfPage":{"@id":"https:\/\/ljubljanapride.org\/en\/event\/iscemo-prostovoljko_ca-avgust-december-2020\/#primaryimage"},"image":{"@id":"https:\/\/ljubljanapride.org\/en\/event\/iscemo-prostovoljko_ca-avgust-december-2020\/#primaryimage"},"thumbnailUrl":"https:\/\/ljubljanapride.org\/wp-content\/uploads\/2020\/07\/Dolgoroc\u030cno-prostovoljstvo-2020_fb-cover.jpg","datePublished":"2020-07-09T11:04:47+00:00","dateModified":"2020-07-09T11:08:25+00:00","breadcrumb":{"@id":"https:\/\/ljubljanapride.org\/en\/event\/iscemo-prostovoljko_ca-avgust-december-2020\/#breadcrumb"},"inLanguage":"en-US","potentialAction":[{"@type":"ReadAction","target":["https:\/\/ljubljanapride.org\/en\/event\/iscemo-prostovoljko_ca-avgust-december-2020\/"]}]},{"@type":"ImageObject","inLanguage":"en-US","@id":"https:\/\/ljubljanapride.org\/en\/event\/iscemo-prostovoljko_ca-avgust-december-2020\/#primaryimage","url":"https:\/\/ljubljanapride.org\/wp-content\/uploads\/2020\/07\/Dolgoroc\u030cno-prostovoljstvo-2020_fb-cover.jpg","contentUrl":"https:\/\/ljubljanapride.org\/wp-content\/uploads\/2020\/07\/Dolgoroc\u030cno-prostovoljstvo-2020_fb-cover.jpg","width":2560,"height":1124},{"@type":"BreadcrumbList","@id":"https:\/\/ljubljanapride.org\/en\/event\/iscemo-prostovoljko_ca-avgust-december-2020\/#breadcrumb","itemListElement":[{"@type":"ListItem","position":1,"name":"Home","item":"https:\/\/ljubljanapride.org\/en\/"},{"@type":"ListItem","position":2,"name":"Events","item":"https:\/\/ljubljanapride.org\/en\/dogodki\/"},{"@type":"ListItem","position":3,"name":"I\u0161\u010demo prostovoljko_ca \/\/ avgust &#8211; december 2020"}]},{"@type":"WebSite","@id":"https:\/\/ljubljanapride.org\/en\/#website","url":"https:\/\/ljubljanapride.org\/en\/","name":"Dru\u0161tvo Parada Ponosa","description":"Ljubljana Pride","potentialAction":[{"@type":"SearchAction","target":{"@type":"EntryPoint","urlTemplate":"https:\/\/ljubljanapride.org\/en\/?s={search_term_string}"},"query-input":{"@type":"PropertyValueSpecification","valueRequired":true,"valueName":"search_term_string"}}],"inLanguage":"en-US"}]}},"_links":{"self":[{"href":"https:\/\/ljubljanapride.org\/en\/wp-json\/wp\/v2\/tribe_events\/3757","targetHints":{"allow":["GET"]}}],"collection":[{"href":"https:\/\/ljubljanapride.org\/en\/wp-json\/wp\/v2\/tribe_events"}],"about":[{"href":"https:\/\/ljubljanapride.org\/en\/wp-json\/wp\/v2\/types\/tribe_events"}],"author":[{"embeddable":true,"href":"https:\/\/ljubljanapride.org\/en\/wp-json\/wp\/v2\/users\/12"}],"version-history":[{"count":0,"href":"https:\/\/ljubljanapride.org\/en\/wp-json\/wp\/v2\/tribe_events\/3757\/revisions"}],"wp:featuredmedia":[{"embeddable":true,"href":"https:\/\/ljubljanapride.org\/en\/wp-json\/wp\/v2\/media\/3753"}],"wp:attachment":[{"href":"https:\/\/ljubljanapride.org\/en\/wp-json\/wp\/v2\/media?parent=3757"}],"wp:term":[{"taxonomy":"post_tag","embeddable":true,"href":"https:\/\/ljubljanapride.org\/en\/wp-json\/wp\/v2\/tags?post=3757"},{"taxonomy":"tribe_events_cat","embeddable":true,"href":"https:\/\/ljubljanapride.org\/en\/wp-json\/wp\/v2\/tribe_events_cat?post=3757"}],"curies":[{"name":"wp","href":"https:\/\/api.w.org\/{rel}","templated":true}]}}

Iščemo prostovoljko_ca // avgust &#8211; december 2020

<p>PROSTOVOLJI NA PARADI<br />
Dolgoročni projekt ESE (Evropska solidarnostna enota)</p>
<p>&nbsp;</p>
<p>TRAJANJE: 1. avgust &#8211; 31. december 2020<br />
LOKACIJA: Ljubljana (Slovenija)</p>
<p>&nbsp;</p>
<p>NAMENJENO:<br />
LGBTIQ+ osebam (18-30 let) z močnim zanimanjem za LGBTIQ+ organizacije, teme in politike.</p>
<p>&nbsp;</p>
<p>O VAS:<br />
&#8211; Tekoče govoriš angleški jezik<br />
&#8211; Uživaš v delu v skupini<br />
&#8211; Se ne bojiš stopiti iz območja svojega udobja<br />
&#8211; Imaš delovne izkušnje, tudi s prostovoljstvom<br />
&#8211; Ti je udobno delati v pisarni</p>
<p>&nbsp;</p>
<p>KOMPETENCE, KI JIH BO PRIDOBIL_A UDELEŽENKA_EC:<br />
&#8211; Skupinsko delo<br />
&#8211; Delo v večkulturnem okolju<br />
&#8211; Komunikacijske, tehnične in logistične kompetence<br />
&#8211; Znanje o vodenju projektov (npr. kako organizirati manjši enodnevni dogodek, kot je razstava ali zabava)</p>
<p>&nbsp;</p>
<p>PROJEKT VKLJUČUJE:<br />
&#8211; Kritje nastanitve in stroškov potovanja do in iz Ljubljane<br />
&#8211; Kritje stroškov prehrane in žepnine<br />
&#8211; Mentorstvo in certifikat Youthpass</p>
<h4>KAKO SE PRIJAVITI:<br />
Pošlji svoj CV in motivacijsko pismo in nam povej, zakaj bi rad_a postal_a prostovoljka_ec pri Društvu Parada ponosa.</h4>
<p>Kontakt: evs@ljubljanapride.org ali info@ljubljanapride.org</p>
<h4>Prijave so odprte do 15. julija 2020.</h4>

<p>PROSTOVOLJI NA PARADI Dolgoročni projekt ESE (Evropska solidarnostna enota) &nbsp; TRAJANJE: 1. avgust &#8211; 31. december 2020 LOKACIJA: Ljubljana (Slovenija) &nbsp; NAMENJENO: LGBTIQ+ osebam (18-30 let) z močnim zanimanjem za [&hellip;]</p>

<!-- This site is optimized with the Yoast SEO plugin v27.2 - https://yoast.com/product/yoast-seo-wordpress/ -->
<title>Iščemo prostovoljko_ca // avgust - december 2020 - Društvo Parada Ponosa</title>
<meta name="robots" content="index, follow, max-snippet:-1, max-image-preview:large, max-video-preview:-1" />
<link rel="canonical" href="https://ljubljanapride.org/en/event/iscemo-prostovoljko_ca-avgust-december-2020/" />
<meta property="og:locale" content="en_US" />
<meta property="og:type" content="article" />
<meta property="og:title" content="Iščemo prostovoljko_ca // avgust - december 2020 - Društvo Parada Ponosa" />
<meta property="og:description" content="PROSTOVOLJI NA PARADI Dolgoročni projekt ESE (Evropska solidarnostna enota) &nbsp; TRAJANJE: 1. avgust &#8211; 31. december 2020 LOKACIJA: Ljubljana (Slovenija) &nbsp; NAMENJENO: LGBTIQ+ osebam (18-30 let) z močnim zanimanjem za [&hellip;]" />
<meta property="og:url" content="https://ljubljanapride.org/en/event/iscemo-prostovoljko_ca-avgust-december-2020/" />
<meta property="og:site_name" content="Društvo Parada Ponosa" />
<meta property="article:publisher" content="https://www.facebook.com/LjubljanaPride" />
<meta property="article:modified_time" content="2020-07-09T11:08:25+00:00" />
<meta property="og:image" content="https://ljubljanapride.org/wp-content/uploads/2020/07/Dolgoročno-prostovoljstvo-2020_fb-cover.jpg" />
	<meta property="og:image:width" content="2560" />
	<meta property="og:image:height" content="1124" />
	<meta property="og:image:type" content="image/jpeg" />
<meta name="twitter:card" content="summary_large_image" />
<meta name="twitter:label1" content="Est. reading time" />
	<meta name="twitter:data1" content="1 minute" />
<script type="application/ld+json" class="yoast-schema-graph">{"@context":"https://schema.org","@graph":[{"@type":"WebPage","@id":"https://ljubljanapride.org/en/event/iscemo-prostovoljko_ca-avgust-december-2020/","url":"https://ljubljanapride.org/en/event/iscemo-prostovoljko_ca-avgust-december-2020/","name":"Iščemo prostovoljko_ca // avgust - december 2020 - Društvo Parada Ponosa","isPartOf":{"@id":"https://ljubljanapride.org/en/#website"},"primaryImageOfPage":{"@id":"https://ljubljanapride.org/en/event/iscemo-prostovoljko_ca-avgust-december-2020/#primaryimage"},"image":{"@id":"https://ljubljanapride.org/en/event/iscemo-prostovoljko_ca-avgust-december-2020/#primaryimage"},"thumbnailUrl":"https://ljubljanapride.org/wp-content/uploads/2020/07/Dolgoročno-prostovoljstvo-2020_fb-cover.jpg","datePublished":"2020-07-09T11:04:47+00:00","dateModified":"2020-07-09T11:08:25+00:00","breadcrumb":{"@id":"https://ljubljanapride.org/en/event/iscemo-prostovoljko_ca-avgust-december-2020/#breadcrumb"},"inLanguage":"en-US","potentialAction":[{"@type":"ReadAction","target":["https://ljubljanapride.org/en/event/iscemo-prostovoljko_ca-avgust-december-2020/"]}]},{"@type":"ImageObject","inLanguage":"en-US","@id":"https://ljubljanapride.org/en/event/iscemo-prostovoljko_ca-avgust-december-2020/#primaryimage","url":"https://ljubljanapride.org/wp-content/uploads/2020/07/Dolgoročno-prostovoljstvo-2020_fb-cover.jpg","contentUrl":"https://ljubljanapride.org/wp-content/uploads/2020/07/Dolgoročno-prostovoljstvo-2020_fb-cover.jpg","width":2560,"height":1124},{"@type":"BreadcrumbList","@id":"https://ljubljanapride.org/en/event/iscemo-prostovoljko_ca-avgust-december-2020/#breadcrumb","itemListElement":[{"@type":"ListItem","position":1,"name":"Home","item":"https://ljubljanapride.org/en/"},{"@type":"ListItem","position":2,"name":"Events","item":"https://ljubljanapride.org/en/dogodki/"},{"@type":"ListItem","position":3,"name":"Iščemo prostovoljko_ca // avgust &#8211; december 2020"}]},{"@type":"WebSite","@id":"https://ljubljanapride.org/en/#website","url":"https://ljubljanapride.org/en/","name":"Društvo Parada Ponosa","description":"Ljubljana Pride","potentialAction":[{"@type":"SearchAction","target":{"@type":"EntryPoint","urlTemplate":"https://ljubljanapride.org/en/?s={search_term_string}"},"query-input":{"@type":"PropertyValueSpecification","valueRequired":true,"valueName":"search_term_string"}}],"inLanguage":"en-US"}]}</script>
<!-- / Yoast SEO plugin. -->

Iščemo prostovoljko_ca // avgust - december 2020 - Društvo Parada Ponosa

PROSTOVOLJI NA PARADI Dolgoročni projekt ESE (Evropska solidarnostna enota) &nbsp; TRAJANJE: 1. avgust &#8211; 31. december 2020 LOKACIJA: Ljubljana (Slovenija) &nbsp; NAMENJENO: LGBTIQ+ osebam (18-30 let) z močnim zanimanjem za [&hellip;]

Društvo Parada Ponosa
